CRAN Package Check Results for Package GA

Last updated on 2020-10-20 15:48:35 CEST.

Flavor Version Tinstall Tcheck Ttotal Status Flags
r-devel-linux-x86_64-debian-clang 3.2 52.33 83.37 135.70 OK
r-devel-linux-x86_64-debian-gcc 3.2 36.90 59.21 96.11 OK
r-devel-linux-x86_64-fedora-clang 3.2 178.67 NOTE
r-devel-linux-x86_64-fedora-gcc 3.2 165.66 OK
r-devel-windows-ix86+x86_64 3.2 90.00 104.00 194.00 OK
r-patched-linux-x86_64 3.2 50.07 76.50 126.57 OK
r-patched-solaris-x86 3.2 187.20 OK
r-release-linux-x86_64 3.2 47.35 76.27 123.62 OK
r-release-macos-x86_64 3.2 NOTE
r-release-windows-ix86+x86_64 3.2 82.00 136.00 218.00 OK
r-oldrel-macos-x86_64 3.2 NOTE
r-oldrel-windows-ix86+x86_64 3.2 73.00 92.00 165.00 OK

Check Details

Version: 3.2
Check: installed package size
Result: NOTE
     installed size is 6.4Mb
     sub-directories of 1Mb or more:
     doc 1.7Mb
     libs 4.2Mb
Flavors: r-devel-linux-x86_64-fedora-clang, r-release-macos-x86_64, r-oldrel-macos-x86_64