CRAN Package Check Results for Package GEVStableGarch

Last updated on 2020-08-04 03:47:50 CEST.

Flavor Version Tinstall Tcheck Ttotal Status Flags
r-devel-linux-x86_64-debian-clang 1.1 9.36 66.43 75.79 NOTE
r-devel-linux-x86_64-debian-gcc 1.1 7.24 50.48 57.72 NOTE
r-devel-linux-x86_64-fedora-clang 1.1 95.94 NOTE
r-devel-linux-x86_64-fedora-gcc 1.1 88.46 NOTE
r-devel-windows-ix86+x86_64 1.1 23.00 101.00 124.00 NOTE
r-patched-linux-x86_64 1.1 9.18 65.08 74.26 NOTE
r-patched-solaris-x86 1.1 124.10 NOTE
r-release-linux-x86_64 1.1 9.22 64.20 73.42 NOTE
r-release-macos-x86_64 1.1 NOTE
r-release-windows-ix86+x86_64 1.1 24.00 101.00 125.00 NOTE
r-oldrel-macos-x86_64 1.1 NOTE
r-oldrel-windows-ix86+x86_64 1.1 14.00 98.00 112.00 NOTE

Check Details

Version: 1.1
Check: dependencies in R code
Result: NOTE
    Missing or unexported object: 'stable::dstable.quick'
Flavors: r-devel-linux-x86_64-debian-clang, r-devel-linux-x86_64-debian-gcc, r-devel-linux-x86_64-fedora-clang, r-devel-linux-x86_64-fedora-gcc, r-devel-windows-ix86+x86_64, r-patched-linux-x86_64, r-patched-solaris-x86, r-release-linux-x86_64, r-release-macos-x86_64, r-release-windows-ix86+x86_64, r-oldrel-macos-x86_64, r-oldrel-windows-ix86+x86_64