CRAN Package Check Results for Package GSIF

Last updated on 2020-02-24 02:47:02 CET.

Flavor Version Tinstall Tcheck Ttotal Status Flags
r-devel-linux-x86_64-debian-clang 0.5-5 39.21 209.75 248.96 WARN
r-devel-linux-x86_64-debian-gcc 0.5-5 WARN
r-devel-linux-x86_64-fedora-clang 0.5-5 311.83 WARN
r-devel-linux-x86_64-fedora-gcc 0.5-5 308.63 WARN
r-devel-windows-ix86+x86_64 0.5-5 55.00 222.00 277.00 OK
r-devel-windows-ix86+x86_64-gcc8 0.5-5 85.00 286.00 371.00 OK
r-patched-linux-x86_64 0.5-5 WARN
r-patched-solaris-x86 0.5-5 407.90 WARN
r-release-linux-x86_64 0.5-5 29.34 183.16 212.50 NOTE
r-release-windows-ix86+x86_64 0.5-5 46.00 196.00 242.00 OK
r-release-osx-x86_64 0.5-5 OK
r-oldrel-windows-ix86+x86_64 0.5-5 47.00 190.00 237.00 OK
r-oldrel-osx-x86_64 0.5-5 OK

Check Details

Version: 0.5-5
Check: package dependencies
Result: NOTE
    Package suggested but not available for checking: 'SDMTools'
Flavors: r-devel-linux-x86_64-debian-clang, r-devel-linux-x86_64-debian-gcc, r-devel-linux-x86_64-fedora-clang, r-devel-linux-x86_64-fedora-gcc, r-patched-linux-x86_64, r-patched-solaris-x86, r-release-linux-x86_64

Version: 0.5-5
Check: Rd \usage sections
Result: WARN
    Documented arguments not in \usage in documentation object 'as.geosamples':
     '...'
    
    Functions with \usage entries need to have the appropriate \alias
    entries, and all their arguments documented.
    The \usage entries must correspond to syntactically valid R code.
    See chapter 'Writing R documentation files' in the 'Writing R
    Extensions' manual.
Flavors: r-devel-linux-x86_64-debian-clang, r-devel-linux-x86_64-debian-gcc, r-devel-linux-x86_64-fedora-clang, r-devel-linux-x86_64-fedora-gcc, r-patched-linux-x86_64, r-patched-solaris-x86

Version: 0.5-5
Check: for non-standard things in the check directory
Result: NOTE
    Found the following files/directories:
     'ORCDRC.txt'
Flavors: r-devel-linux-x86_64-debian-clang, r-devel-linux-x86_64-debian-gcc, r-devel-linux-x86_64-fedora-clang, r-devel-linux-x86_64-fedora-gcc