CRAN Package Check Results for Package GauPro

Last updated on 2020-02-20 02:48:23 CET.

Flavor Version Tinstall Tcheck Ttotal Status Flags
r-devel-linux-x86_64-debian-clang 0.2.2 169.27 184.42 353.69 OK
r-devel-linux-x86_64-debian-gcc 0.2.2 117.18 120.65 237.83 OK
r-devel-linux-x86_64-fedora-clang 0.2.2 445.15 NOTE
r-devel-linux-x86_64-fedora-gcc 0.2.2 423.21 OK
r-devel-windows-ix86+x86_64 0.2.2 279.00 254.00 533.00 OK
r-devel-windows-ix86+x86_64-gcc8 0.2.2 424.00 357.00 781.00 OK
r-patched-linux-x86_64 0.2.2 129.55 153.91 283.46 OK
r-patched-solaris-x86 0.2.2 418.00 OK
r-release-linux-x86_64 0.2.2 135.02 156.35 291.37 OK
r-release-windows-ix86+x86_64 0.2.2 314.00 268.00 582.00 OK
r-release-osx-x86_64 0.2.2 OK
r-oldrel-windows-ix86+x86_64 0.2.2 259.00 252.00 511.00 OK
r-oldrel-osx-x86_64 0.2.2 OK

Check Details

Version: 0.2.2
Check: installed package size
Result: NOTE
     installed size is 5.8Mb
     sub-directories of 1Mb or more:
     libs 4.9Mb
Flavor: r-devel-linux-x86_64-fedora-clang