CRAN Package Check Results for Package GenAlgo

Last updated on 2020-07-05 03:47:35 CEST.

Flavor Version Tinstall Tcheck Ttotal Status Flags
r-devel-linux-x86_64-debian-clang 2.1.5 3.05 38.89 41.94 OK
r-devel-linux-x86_64-debian-gcc 2.1.5 2.15 30.53 32.68 OK
r-devel-linux-x86_64-fedora-clang 2.1.5 58.24 NOTE
r-devel-linux-x86_64-fedora-gcc 2.1.5 49.38 NOTE
r-devel-windows-ix86+x86_64 2.1.5 10.00 88.00 98.00 OK
r-patched-linux-x86_64 2.1.5 2.67 38.63 41.30 OK
r-patched-solaris-x86 2.1.5 71.80 NOTE
r-release-linux-x86_64 2.1.5 3.01 38.43 41.44 OK
r-release-osx-x86_64 2.1.5 NOTE
r-release-windows-ix86+x86_64 2.1.5 7.00 55.00 62.00 OK
r-oldrel-osx-x86_64 2.1.5 NOTE
r-oldrel-windows-ix86+x86_64 2.1.5 6.00 81.00 87.00 OK

Check Details

Version: 2.1.5
Check: data for non-ASCII characters
Result: NOTE
     Note: found 17 marked UTF-8 strings
Flavors: r-devel-linux-x86_64-fedora-clang, r-devel-linux-x86_64-fedora-gcc, r-patched-solaris-x86, r-release-osx-x86_64, r-oldrel-osx-x86_64