CRAN Package Check Results for Package GenAlgo

Last updated on 2019-12-13 02:46:51 CET.

Flavor Version Tinstall Tcheck Ttotal Status Flags
r-devel-linux-x86_64-debian-clang 2.1.5 3.06 38.08 41.14 OK
r-devel-linux-x86_64-debian-gcc 2.1.5 2.45 30.53 32.98 OK
r-devel-linux-x86_64-fedora-clang 2.1.5 50.78 NOTE
r-devel-linux-x86_64-fedora-gcc 2.1.5 49.79 NOTE
r-devel-windows-ix86+x86_64 2.1.5 6.00 58.00 64.00 OK
r-devel-windows-ix86+x86_64-gcc8 2.1.5 9.00 80.00 89.00 OK
r-patched-linux-x86_64 2.1.5 2.57 35.09 37.66 OK
r-patched-solaris-x86 2.1.5 66.70 NOTE
r-release-linux-x86_64 2.1.5 2.47 35.01 37.48 OK
r-release-windows-ix86+x86_64 2.1.5 7.00 58.00 65.00 OK
r-release-osx-x86_64 2.1.5 NOTE
r-oldrel-windows-ix86+x86_64 2.1.5 3.00 58.00 61.00 OK
r-oldrel-osx-x86_64 2.1.5 NOTE

Check Details

Version: 2.1.5
Check: data for non-ASCII characters
Result: NOTE
     Note: found 17 marked UTF-8 strings
Flavors: r-devel-linux-x86_64-fedora-clang, r-devel-linux-x86_64-fedora-gcc, r-patched-solaris-x86, r-release-osx-x86_64, r-oldrel-osx-x86_64