CRAN Package Check Results for Package GeneNet

Last updated on 2019-12-05 14:48:45 CET.

Flavor Version Tinstall Tcheck Ttotal Status Flags
r-devel-linux-x86_64-debian-clang 1.2.13 2.86 24.21 27.07 OK
r-devel-linux-x86_64-debian-gcc 1.2.13 2.14 19.44 21.58 OK
r-devel-linux-x86_64-fedora-clang 1.2.13 32.18 OK
r-devel-linux-x86_64-fedora-gcc 1.2.13 31.89 OK
r-devel-windows-ix86+x86_64 1.2.13 6.00 37.00 43.00 OK
r-devel-windows-ix86+x86_64-gcc8 1.2.13 7.00 38.00 45.00 OK
r-patched-linux-x86_64 1.2.13 1.80 22.70 24.50 OK
r-patched-solaris-x86 1.2.13 45.10 OK
r-release-linux-x86_64 1.2.13 2.32 22.51 24.83 OK
r-release-windows-ix86+x86_64 1.2.13 4.00 51.00 55.00 OK
r-release-osx-x86_64 1.2.13 NOTE
r-oldrel-windows-ix86+x86_64 1.2.13 2.00 31.00 33.00 OK
r-oldrel-osx-x86_64 1.2.13 OK

Check Details

Version: 1.2.13
Check: package dependencies
Result: NOTE
    Packages suggested but not available for checking: 'graph', 'Rgraphviz'
Flavor: r-release-osx-x86_64