CRAN Package Check Results for Package GmAMisc

Last updated on 2020-04-10 03:49:24 CEST.

Flavor Version Tinstall Tcheck Ttotal Status Flags
r-devel-linux-x86_64-debian-clang 1.1.1 22.58 256.11 278.69 OK
r-devel-linux-x86_64-debian-gcc 1.1.1 22.72 195.10 217.82 OK
r-devel-linux-x86_64-fedora-clang 1.1.1 348.64 NOTE
r-devel-linux-x86_64-fedora-gcc 1.1.1 347.75 OK
r-devel-windows-ix86+x86_64 1.1.1 58.00 303.00 361.00 OK
r-devel-windows-ix86+x86_64-gcc8 1.1.1 55.00 287.00 342.00 OK
r-patched-linux-x86_64 1.1.1 25.60 244.09 269.69 OK
r-patched-osx-x86_64 1.1.1 OK
r-patched-solaris-x86 1.1.1 529.30 OK
r-release-linux-x86_64 1.1.1 21.31 221.56 242.87 OK
r-release-windows-ix86+x86_64 1.1.1 79.00 399.00 478.00 OK
r-release-osx-x86_64 1.1.1 OK
r-oldrel-windows-ix86+x86_64 1.1.1 56.00 373.00 429.00 OK
r-oldrel-osx-x86_64 1.1.1 OK

Check Details

Version: 1.1.1
Check: package dependencies
Result: NOTE
    Imports includes 22 non-default packages.
    Importing from so many packages makes the package vulnerable to any of
    them becoming unavailable. Move as many as possible to Suggests and
    use conditionally.
Flavor: r-devel-linux-x86_64-fedora-clang