CRAN Package Check Results for Package Gmisc

Last updated on 2020-02-21 14:47:02 CET.

Flavor Version Tinstall Tcheck Ttotal Status Flags
r-devel-linux-x86_64-debian-clang 1.9.1 44.49 168.92 213.41 ERROR
r-devel-linux-x86_64-debian-gcc 1.9.1 32.77 126.94 159.71 OK
r-devel-linux-x86_64-fedora-clang 1.9.1 263.00 OK
r-devel-linux-x86_64-fedora-gcc 1.9.1 254.79 OK
r-devel-windows-ix86+x86_64 1.9.1 88.00 217.00 305.00 OK
r-devel-windows-ix86+x86_64-gcc8 1.9.1 127.00 315.00 442.00 OK
r-patched-linux-x86_64 1.9.1 38.10 148.08 186.18 OK
r-patched-solaris-x86 1.9.1 297.90 OK --no-tests
r-release-linux-x86_64 1.9.1 38.94 149.09 188.03 OK
r-release-windows-ix86+x86_64 1.9.1 82.00 235.00 317.00 OK
r-release-osx-x86_64 1.9.1 OK
r-oldrel-windows-ix86+x86_64 1.9.1 57.00 195.00 252.00 OK
r-oldrel-osx-x86_64 1.9.1 OK

Check Details

Version: 1.9.1
Check: tests
Result: ERROR
     Running 'testthat.R' [8s/9s]
    Running the tests in 'tests/testthat.R' failed.
    Complete output:
     > library('testthat')
     >
     > test_check('Gmisc')
     Loading required package: Gmisc
     Loading required package: Rcpp
     Loading required package: htmlTable
     -- 1. Error: missing levels are handled correctly when using custom descriptive
     subscript out of bounds
     Backtrace:
     1. Gmisc::mergeDesc(...)
     2. Hmisc::label(tlist[[i]])
    
     == testthat results ===========================================================
     [ OK: 310 | SKIPPED: 0 | WARNINGS: 0 | FAILED: 1 ]
     1. Error: missing levels are handled correctly when using custom descriptive functions (@test-getDescriptionStats.R#737)
    
     Error: testthat unit tests failed
     Execution halted
Flavor: r-devel-linux-x86_64-debian-clang