CRAN Package Check Results for Package HI

Last updated on 2019-10-23 15:47:28 CEST.

Flavor Version Tinstall Tcheck Ttotal Status Flags
r-devel-linux-x86_64-debian-clang 0.4 2.97 25.30 28.27 NOTE
r-devel-linux-x86_64-debian-gcc 0.4 2.39 20.80 23.19 NOTE
r-devel-linux-x86_64-fedora-clang 0.4 34.94 NOTE
r-devel-linux-x86_64-fedora-gcc 0.4 35.00 NOTE
r-devel-windows-ix86+x86_64 0.4 13.00 50.00 63.00 NOTE
r-patched-linux-x86_64 0.4 2.21 27.67 29.88 NOTE
r-patched-solaris-x86 0.4 53.00 NOTE
r-release-linux-x86_64 0.4 2.21 27.10 29.31 NOTE
r-release-windows-ix86+x86_64 0.4 7.00 72.00 79.00 NOTE
r-release-osx-x86_64 0.4 NOTE
r-oldrel-windows-ix86+x86_64 0.4 6.00 45.00 51.00 NOTE
r-oldrel-osx-x86_64 0.4 NOTE

Check Details

Version: 0.4
Check: R code for possible problems
Result: NOTE
    arms: no visible global function definition for 'rnorm'
    rballunif: no visible global function definition for 'rnorm'
    rballunif: no visible global function definition for 'runif'
    Undefined global functions or variables:
     rnorm runif
    Consider adding
     importFrom("stats", "rnorm", "runif")
    to your NAMESPACE file.
Flavors: r-devel-linux-x86_64-debian-clang, r-devel-linux-x86_64-debian-gcc, r-devel-linux-x86_64-fedora-clang, r-devel-linux-x86_64-fedora-gcc, r-devel-windows-ix86+x86_64, r-patched-linux-x86_64, r-patched-solaris-x86, r-release-linux-x86_64, r-release-windows-ix86+x86_64, r-release-osx-x86_64, r-oldrel-windows-ix86+x86_64, r-oldrel-osx-x86_64

Version: 0.4
Check: compiled code
Result: NOTE
    File ‘HI/libs/HI.so’:
     Found no calls to: ‘R_registerRoutines’, ‘R_useDynamicSymbols’
    
    It is good practice to register native routines and to disable symbol
    search.
    
    See ‘Writing portable packages’ in the ‘Writing R Extensions’ manual.
Flavors: r-devel-linux-x86_64-fedora-clang, r-devel-linux-x86_64-fedora-gcc