CRAN Package Check Results for Package HSAUR3

Last updated on 2020-04-07 15:48:30 CEST.

Flavor Version Tinstall Tcheck Ttotal Status Flags
r-devel-linux-x86_64-debian-clang 1.0-9 3.71 214.81 218.52 OK
r-devel-linux-x86_64-debian-gcc 1.0-9 3.49 168.51 172.00 OK
r-devel-linux-x86_64-fedora-clang 1.0-9 274.10 NOTE
r-devel-linux-x86_64-fedora-gcc 1.0-9 289.97 OK
r-devel-windows-ix86+x86_64 1.0-9 20.00 66.00 86.00 OK --no-vignettes
r-devel-windows-ix86+x86_64-gcc8 1.0-9 11.00 66.00 77.00 OK --no-vignettes
r-patched-linux-x86_64 1.0-9 4.27 209.20 213.47 OK
r-patched-solaris-x86 1.0-9 413.60 NOTE
r-release-linux-x86_64 1.0-9 3.85 203.31 207.16 OK
r-release-windows-ix86+x86_64 1.0-9 11.00 113.00 124.00 OK --no-vignettes
r-release-osx-x86_64 1.0-9 OK
r-oldrel-windows-ix86+x86_64 1.0-9 14.00 51.00 65.00 OK --no-vignettes
r-oldrel-osx-x86_64 1.0-9 OK

Check Details

Version: 1.0-9
Check: installed package size
Result: NOTE
     installed size is 5.0Mb
     sub-directories of 1Mb or more:
     doc 3.7Mb
Flavors: r-devel-linux-x86_64-fedora-clang, r-patched-solaris-x86