CRAN Package Check Results for Package IBrokers

Last updated on 2019-12-11 14:47:25 CET.

Flavor Version Tinstall Tcheck Ttotal Status Flags
r-devel-linux-x86_64-debian-clang 0.9-12 6.22 47.09 53.31 NOTE
r-devel-linux-x86_64-debian-gcc 0.9-12 5.42 36.95 42.37 NOTE
r-devel-linux-x86_64-fedora-clang 0.9-12 66.89 NOTE
r-devel-linux-x86_64-fedora-gcc 0.9-12 66.04 NOTE
r-devel-windows-ix86+x86_64 0.9-12 11.00 75.00 86.00 NOTE
r-devel-windows-ix86+x86_64-gcc8 0.9-12 10.00 99.00 109.00 NOTE
r-patched-linux-x86_64 0.9-12 5.47 43.09 48.56 NOTE
r-patched-solaris-x86 0.9-12 80.70 NOTE
r-release-linux-x86_64 0.9-12 4.75 43.43 48.18 NOTE
r-release-windows-ix86+x86_64 0.9-12 11.00 72.00 83.00 NOTE
r-release-osx-x86_64 0.9-12 NOTE
r-oldrel-windows-ix86+x86_64 0.9-12 6.00 62.00 68.00 NOTE
r-oldrel-osx-x86_64 0.9-12 NOTE

Check Details

Version: 0.9-12
Check: R code for possible problems
Result: NOTE
    ..placeOrder: no visible global function definition for 'str'
    .reqMktData.vignette: no visible global function definition for
     'flush.console'
    e_portfolio_value: no visible global function definition for 'str'
    print.eventPortfolioValue: no visible global function definition for
     'str'
    print.twsContract: no visible global function definition for 'str'
    print.twsContractDetails: no visible global function definition for
     'str'
    print.twsOrder: no visible global function definition for 'str'
    print.twsOrderState: no visible global function definition for 'str'
    print.twsScannerSubscription: no visible global function definition for
     'str'
    reqAccountUpdates: no visible binding for global variable 'timestamp'
    reqContractDetails: no visible binding for global variable 'timestamp'
    reqHistoricalData: no visible global function definition for
     'flush.console'
    reqHistoricalData: no visible global function definition for
     'write.table'
    Undefined global functions or variables:
     flush.console str timestamp write.table
    Consider adding
     importFrom("utils", "flush.console", "str", "timestamp", "write.table")
    to your NAMESPACE file.
Flavors: r-devel-linux-x86_64-debian-clang, r-devel-linux-x86_64-debian-gcc, r-devel-linux-x86_64-fedora-clang, r-devel-linux-x86_64-fedora-gcc, r-devel-windows-ix86+x86_64, r-devel-windows-ix86+x86_64-gcc8, r-patched-linux-x86_64, r-patched-solaris-x86, r-release-linux-x86_64, r-release-windows-ix86+x86_64, r-release-osx-x86_64, r-oldrel-windows-ix86+x86_64, r-oldrel-osx-x86_64