CRAN Package Check Results for Package ICsurv

Last updated on 2019-12-05 14:48:47 CET.

Flavor Version Tinstall Tcheck Ttotal Status Flags
r-devel-linux-x86_64-debian-clang 1.0 2.90 25.51 28.41 NOTE
r-devel-linux-x86_64-debian-gcc 1.0 2.45 19.31 21.76 NOTE
r-devel-linux-x86_64-fedora-clang 1.0 32.69 NOTE
r-devel-linux-x86_64-fedora-gcc 1.0 32.18 NOTE
r-devel-windows-ix86+x86_64 1.0 5.00 38.00 43.00 NOTE
r-devel-windows-ix86+x86_64-gcc8 1.0 6.00 35.00 41.00 NOTE
r-patched-linux-x86_64 1.0 2.63 23.18 25.81 NOTE
r-patched-solaris-x86 1.0 48.30 NOTE
r-release-linux-x86_64 1.0 2.61 23.14 25.75 NOTE
r-release-windows-ix86+x86_64 1.0 13.00 35.00 48.00 NOTE
r-release-osx-x86_64 1.0 NOTE
r-oldrel-windows-ix86+x86_64 1.0 3.00 51.00 54.00 NOTE
r-oldrel-osx-x86_64 1.0 NOTE

Check Details

Version: 1.0
Check: R code for possible problems
Result: NOTE
    PH.ICsurv.EM: no visible global function definition for 'quantile'
    PH.ICsurv.EM: no visible global function definition for 'optim'
    fast.PH.ICsurv.EM: no visible global function definition for 'quantile'
    fast.PH.ICsurv.EM: no visible global function definition for 'optim'
    Undefined global functions or variables:
     optim quantile
    Consider adding
     importFrom("stats", "optim", "quantile")
    to your NAMESPACE file.
Flavors: r-devel-linux-x86_64-debian-clang, r-devel-linux-x86_64-debian-gcc, r-devel-linux-x86_64-fedora-clang, r-devel-linux-x86_64-fedora-gcc, r-devel-windows-ix86+x86_64, r-devel-windows-ix86+x86_64-gcc8, r-patched-linux-x86_64, r-patched-solaris-x86, r-release-linux-x86_64, r-release-windows-ix86+x86_64, r-release-osx-x86_64, r-oldrel-windows-ix86+x86_64, r-oldrel-osx-x86_64