CRAN Package Check Results for Package IMTest

Last updated on 2019-09-21 15:46:52 CEST.

Flavor Version Tinstall Tcheck Ttotal Status Flags
r-devel-linux-x86_64-debian-clang 1.0.0 7.35 309.51 316.86 OK
r-devel-linux-x86_64-debian-gcc 1.0.0 6.96 241.31 248.27 OK
r-devel-linux-x86_64-fedora-clang 1.0.0 382.71 NOTE
r-devel-linux-x86_64-fedora-gcc 1.0.0 377.74 NOTE
r-devel-windows-ix86+x86_64 1.0.0 22.00 335.00 357.00 OK
r-patched-linux-x86_64 1.0.0 6.05 311.89 317.94 OK
r-patched-solaris-x86 1.0.0 940.40 NOTE
r-release-linux-x86_64 1.0.0 7.72 314.13 321.85 OK
r-release-windows-ix86+x86_64 1.0.0 12.00 381.00 393.00 OK
r-release-osx-x86_64 1.0.0 NOTE
r-oldrel-windows-ix86+x86_64 1.0.0 7.00 347.00 354.00 OK
r-oldrel-osx-x86_64 1.0.0 NOTE

Check Details

Version: 1.0.0
Check: dependencies in R code
Result: NOTE
    Namespaces in Imports field not imported from:
     ‘lme4’ ‘reshape2’
     All declared Imports should be used.
Flavors: r-devel-linux-x86_64-fedora-clang, r-devel-linux-x86_64-fedora-gcc, r-patched-solaris-x86, r-release-osx-x86_64, r-oldrel-osx-x86_64