CRAN Package Check Results for Package IMTest

Last updated on 2020-02-24 02:47:03 CET.

Flavor Version Tinstall Tcheck Ttotal Status Flags
r-devel-linux-x86_64-debian-clang 1.0.0 7.06 332.40 339.46 OK
r-devel-linux-x86_64-debian-gcc 1.0.0 OK
r-devel-linux-x86_64-fedora-clang 1.0.0 428.95 NOTE
r-devel-linux-x86_64-fedora-gcc 1.0.0 397.78 NOTE
r-devel-windows-ix86+x86_64 1.0.0 16.00 351.00 367.00 OK
r-devel-windows-ix86+x86_64-gcc8 1.0.0 24.00 463.00 487.00 OK
r-patched-linux-x86_64 1.0.0 OK
r-patched-solaris-x86 1.0.0 935.40 NOTE
r-release-linux-x86_64 1.0.0 6.36 308.35 314.71 OK
r-release-windows-ix86+x86_64 1.0.0 13.00 343.00 356.00 OK
r-release-osx-x86_64 1.0.0 NOTE
r-oldrel-windows-ix86+x86_64 1.0.0 10.00 362.00 372.00 OK
r-oldrel-osx-x86_64 1.0.0 NOTE

Check Details

Version: 1.0.0
Check: dependencies in R code
Result: NOTE
    Namespaces in Imports field not imported from:
     ‘lme4’ ‘reshape2’
     All declared Imports should be used.
Flavors: r-devel-linux-x86_64-fedora-clang, r-devel-linux-x86_64-fedora-gcc, r-patched-solaris-x86, r-release-osx-x86_64, r-oldrel-osx-x86_64