CRAN Package Check Results for Package ImportExport

Last updated on 2019-11-17 02:46:33 CET.

Flavor Version Tinstall Tcheck Ttotal Status Flags
r-devel-linux-x86_64-debian-clang 1.1 18.23 131.87 150.10 OK
r-devel-linux-x86_64-debian-gcc 1.1 14.53 100.07 114.60 OK
r-devel-linux-x86_64-fedora-clang 1.1 183.11 OK
r-devel-linux-x86_64-fedora-gcc 1.1 171.96 OK
r-devel-windows-ix86+x86_64 1.1 27.00 7.00 34.00 ERROR
r-patched-linux-x86_64 1.1 17.07 126.65 143.72 OK
r-patched-solaris-x86 1.1 233.00 OK
r-release-linux-x86_64 1.1 17.13 126.16 143.29 OK
r-release-windows-ix86+x86_64 1.1 30.00 122.00 152.00 OK
r-release-osx-x86_64 1.1 OK
r-oldrel-windows-ix86+x86_64 1.1 15.00 173.00 188.00 OK
r-oldrel-osx-x86_64 1.1 OK

Check Details

Version: 1.1
Check: whether package can be installed
Result: ERROR
    Installation failed.
Flavor: r-devel-windows-ix86+x86_64