CRAN Package Check Results for Package InSilicoVA

Last updated on 2020-02-24 02:47:03 CET.

Flavor Version Tinstall Tcheck Ttotal Status Flags
r-devel-linux-x86_64-debian-clang 1.2.7 11.64 105.56 117.20 OK
r-devel-linux-x86_64-debian-gcc 1.2.7 OK
r-devel-linux-x86_64-fedora-clang 1.2.7 141.80 OK
r-devel-linux-x86_64-fedora-gcc 1.2.7 69.14 OK
r-devel-windows-ix86+x86_64 1.2.5 18.00 91.00 109.00 OK
r-devel-windows-ix86+x86_64-gcc8 1.2.7 23.00 129.00 152.00 OK
r-patched-linux-x86_64 1.2.7 OK
r-patched-solaris-x86 1.2.7 176.80 NOTE
r-release-linux-x86_64 1.2.7 7.99 90.86 98.85 OK
r-release-windows-ix86+x86_64 1.2.7 15.00 102.00 117.00 OK
r-release-osx-x86_64 1.2.7 OK
r-oldrel-windows-ix86+x86_64 1.2.7 15.00 122.00 137.00 OK
r-oldrel-osx-x86_64 1.2.7 OK

Check Details

Version: 1.2.7
Check: installed package size
Result: NOTE
     installed size is 5.0Mb
     sub-directories of 1Mb or more:
     java 4.4Mb
Flavor: r-patched-solaris-x86