CRAN Package Check Results for Package IntegratedMRF

Last updated on 2020-07-07 03:47:53 CEST.

Flavor Version Tinstall Tcheck Ttotal Status Flags
r-devel-linux-x86_64-debian-clang 1.1.9 22.85 45.53 68.38 NOTE
r-devel-linux-x86_64-debian-gcc 1.1.9 16.96 35.61 52.57 NOTE
r-devel-linux-x86_64-fedora-clang 1.1.9 97.82 NOTE
r-devel-linux-x86_64-fedora-gcc 1.1.9 83.03 NOTE
r-devel-windows-ix86+x86_64 1.1.9 46.00 106.00 152.00 OK
r-patched-linux-x86_64 1.1.9 17.17 44.61 61.78 NOTE
r-patched-solaris-x86 1.1.9 107.70 NOTE
r-release-linux-x86_64 1.1.9 18.74 45.27 64.01 NOTE
r-release-osx-x86_64 1.1.9 OK
r-release-windows-ix86+x86_64 1.1.9 48.00 114.00 162.00 OK
r-oldrel-osx-x86_64 1.1.9 OK
r-oldrel-windows-ix86+x86_64 1.1.9 50.00 130.00 180.00 OK

Check Details

Version: 1.1.9
Check: for non-standard things in the check directory
Result: NOTE
    Found the following files/directories:
     'Error_Estimation_Response_1.tiff' 'Error_Estimation_Response_2.tiff'
     'Error_Estimation_Response_3.tiff'
Flavors: r-devel-linux-x86_64-debian-clang, r-devel-linux-x86_64-debian-gcc, r-devel-linux-x86_64-fedora-clang, r-devel-linux-x86_64-fedora-gcc, r-patched-linux-x86_64, r-patched-solaris-x86, r-release-linux-x86_64