CRAN Package Check Results for Package MCMCglmm

Last updated on 2019-09-19 03:48:14 CEST.

Flavor Version Tinstall Tcheck Ttotal Status Flags
r-devel-linux-x86_64-debian-clang 2.29 48.62 110.96 159.58 OK
r-devel-linux-x86_64-debian-gcc 2.29 31.31 86.12 117.43 OK
r-devel-linux-x86_64-fedora-clang 2.29 201.25 OK
r-devel-linux-x86_64-fedora-gcc 2.29 187.30 OK
r-devel-windows-ix86+x86_64 2.29 166.00 213.00 379.00 NOTE
r-patched-linux-x86_64 2.29 38.97 109.13 148.10 OK
r-patched-solaris-x86 2.29 262.50 OK
r-release-linux-x86_64 2.29 36.01 109.82 145.83 OK
r-release-windows-ix86+x86_64 2.29 143.00 153.00 296.00 NOTE
r-release-osx-x86_64 2.29 OK
r-oldrel-windows-ix86+x86_64 2.29 115.00 137.00 252.00 NOTE
r-oldrel-osx-x86_64 2.29 OK

Check Details

Version: 2.29
Check: installed package size
Result: NOTE
     installed size is 5.3Mb
     sub-directories of 1Mb or more:
     doc 3.2Mb
     libs 1.6Mb
Flavors: r-devel-windows-ix86+x86_64, r-release-windows-ix86+x86_64, r-oldrel-windows-ix86+x86_64