CRAN Package Check Results for Package MCMCpack

Last updated on 2020-07-13 03:47:48 CEST.

Flavor Version Tinstall Tcheck Ttotal Status Flags
r-devel-linux-x86_64-debian-clang 1.4-8 525.30 118.75 644.05 OK
r-devel-linux-x86_64-debian-gcc 1.4-8 330.72 94.07 424.79 OK
r-devel-linux-x86_64-fedora-clang 1.4-8 978.29 NOTE
r-devel-linux-x86_64-fedora-gcc 1.4-8 746.85 OK
r-devel-windows-ix86+x86_64 1.4-8 567.00 250.00 817.00 NOTE
r-patched-linux-x86_64 1.4-8 366.98 121.83 488.81 OK
r-patched-solaris-x86 1.4-8 1149.70 NOTE
r-release-linux-x86_64 1.4-8 351.02 123.85 474.87 OK
r-release-macos-x86_64 1.4-8 NOTE
r-release-windows-ix86+x86_64 1.4-8 789.00 269.00 1058.00 NOTE
r-oldrel-macos-x86_64 1.4-8 NOTE
r-oldrel-windows-ix86+x86_64 1.4-8 764.00 223.00 987.00 NOTE

Check Details

Version: 1.4-8
Check: installed package size
Result: NOTE
     installed size is 52.1Mb
     sub-directories of 1Mb or more:
     libs 51.1Mb
Flavors: r-devel-linux-x86_64-fedora-clang, r-devel-windows-ix86+x86_64, r-patched-solaris-x86, r-release-macos-x86_64, r-release-windows-ix86+x86_64, r-oldrel-macos-x86_64, r-oldrel-windows-ix86+x86_64