CRAN Package Check Results for Package MEDseq

Last updated on 2020-05-27 03:48:36 CEST.

Flavor Version Tinstall Tcheck Ttotal Status Flags
r-devel-linux-x86_64-debian-clang 1.1.1 16.11 282.11 298.22 OK
r-devel-linux-x86_64-debian-gcc 1.1.1 12.32 195.18 207.50 OK
r-devel-linux-x86_64-fedora-clang 1.1.1 361.09 OK
r-devel-linux-x86_64-fedora-gcc 1.1.1 342.96 OK
r-devel-windows-ix86+x86_64 1.1.1 52.00 377.00 429.00 OK
r-patched-linux-x86_64 1.1.1 11.59 265.04 276.63 OK
r-patched-solaris-x86 1.1.1 525.10 OK
r-release-linux-x86_64 1.1.1 13.49 257.78 271.27 OK
r-release-osx-x86_64 1.1.1 OK
r-release-windows-ix86+x86_64 1.1.1 38.00 361.00 399.00 OK
r-oldrel-osx-x86_64 1.1.1 ERROR
r-oldrel-windows-ix86+x86_64 1.1.0 27.00 280.00 307.00 OK

Check Details

Version: 1.1.1
Check: whether package can be installed
Result: ERROR
    Installation failed.
Flavor: r-oldrel-osx-x86_64