CRAN Package Check Results for Package MIICD

Last updated on 2020-09-30 03:47:33 CEST.

Flavor Version Tinstall Tcheck Ttotal Status Flags
r-devel-linux-x86_64-debian-clang 2.4 8.67 69.58 78.25 OK
r-devel-linux-x86_64-debian-gcc 2.4 6.95 52.82 59.77 OK
r-devel-linux-x86_64-fedora-clang 2.4 101.20 NOTE
r-devel-linux-x86_64-fedora-gcc 2.4 90.77 OK
r-devel-windows-ix86+x86_64 2.4 18.00 88.00 106.00 OK
r-patched-linux-x86_64 2.4 8.90 64.54 73.44 OK
r-patched-solaris-x86 2.4 132.50 OK
r-release-linux-x86_64 2.4 9.48 64.19 73.67 OK
r-release-macos-x86_64 2.4 OK
r-release-windows-ix86+x86_64 2.4 19.00 83.00 102.00 OK
r-oldrel-macos-x86_64 2.4 OK
r-oldrel-windows-ix86+x86_64 2.4 17.00 85.00 102.00 OK

Check Details

Version: 2.4
Check: Rd cross-references
Result: NOTE
    Undeclared package ‘riskRegression’ in Rd xrefs
Flavor: r-devel-linux-x86_64-fedora-clang