CRAN Package Check Results for Package MIPHENO

Last updated on 2020-04-07 03:48:15 CEST.

Flavor Version Tinstall Tcheck Ttotal Status Flags
r-devel-linux-x86_64-debian-clang 1.2 9.88 75.23 85.11 NOTE
r-devel-linux-x86_64-debian-gcc 1.2 7.11 57.20 64.31 NOTE
r-devel-linux-x86_64-fedora-clang 1.2 102.45 NOTE
r-devel-linux-x86_64-fedora-gcc 1.2 104.06 NOTE
r-devel-windows-ix86+x86_64 1.2 29.00 116.00 145.00 NOTE
r-devel-windows-ix86+x86_64-gcc8 1.2 20.00 76.00 96.00 NOTE
r-patched-linux-x86_64 1.2 8.46 71.10 79.56 NOTE
r-patched-solaris-x86 1.2 152.10 NOTE
r-release-linux-x86_64 1.2 7.88 65.28 73.16 NOTE
r-release-windows-ix86+x86_64 1.2 18.00 106.00 124.00 NOTE
r-release-osx-x86_64 1.2 NOTE
r-oldrel-windows-ix86+x86_64 1.2 19.00 79.00 98.00 NOTE
r-oldrel-osx-x86_64 1.2 NOTE

Check Details

Version: 1.2
Check: R code for possible problems
Result: NOTE
    cdf.pval: no visible global function definition for 'median'
    cdf.pval: no visible binding for global variable 'ecdf'
    find_hits: no visible global function definition for 'na.omit'
    mad.scores: no visible global function definition for 'as.formula'
    mad.scores: no visible binding for global variable 'median'
    mad.scores: no visible binding for global variable 'mad'
    rm.outliers: no visible global function definition for 'as.formula'
    rm.outliers: no visible binding for global variable 'median'
    rm.outliers: no visible binding for global variable 'mad'
    Undefined global functions or variables:
     as.formula ecdf mad median na.omit
    Consider adding
     importFrom("stats", "as.formula", "ecdf", "mad", "median", "na.omit")
    to your NAMESPACE file.
    
    Found the following calls to attach():
    File 'MIPHENO/R/cdf.pval.R':
     attach(sample.cdf)
    See section 'Good practice' in '?attach'.
Flavors: r-devel-linux-x86_64-debian-clang, r-devel-linux-x86_64-debian-gcc, r-patched-linux-x86_64, r-release-linux-x86_64

Version: 1.2
Check: R code for possible problems
Result: NOTE
    cdf.pval: no visible global function definition for ‘median’
    cdf.pval: no visible binding for global variable ‘ecdf’
    find_hits: no visible global function definition for ‘na.omit’
    mad.scores: no visible global function definition for ‘as.formula’
    mad.scores: no visible binding for global variable ‘median’
    mad.scores: no visible binding for global variable ‘mad’
    rm.outliers: no visible global function definition for ‘as.formula’
    rm.outliers: no visible binding for global variable ‘median’
    rm.outliers: no visible binding for global variable ‘mad’
    Undefined global functions or variables:
     as.formula ecdf mad median na.omit
    Consider adding
     importFrom("stats", "as.formula", "ecdf", "mad", "median", "na.omit")
    to your NAMESPACE file.
Flavors: r-devel-linux-x86_64-fedora-clang, r-devel-linux-x86_64-fedora-gcc, r-devel-windows-ix86+x86_64, r-devel-windows-ix86+x86_64-gcc8, r-patched-solaris-x86, r-release-windows-ix86+x86_64, r-release-osx-x86_64, r-oldrel-windows-ix86+x86_64, r-oldrel-osx-x86_64