CRAN Package Check Results for Package MKmisc

Last updated on 2020-02-21 02:47:31 CET.

Flavor Version Tinstall Tcheck Ttotal Status Flags
r-devel-linux-x86_64-debian-clang 1.6 9.67 91.62 101.29 OK
r-devel-linux-x86_64-debian-gcc 1.6 7.46 67.54 75.00 OK
r-devel-linux-x86_64-fedora-clang 1.6 125.97 NOTE
r-devel-linux-x86_64-fedora-gcc 1.6 121.13 OK
r-devel-windows-ix86+x86_64 1.6 16.00 100.00 116.00 OK
r-devel-windows-ix86+x86_64-gcc8 1.6 34.00 139.00 173.00 OK
r-patched-linux-x86_64 1.6 8.11 79.30 87.41 OK
r-patched-solaris-x86 1.6 144.50 OK
r-release-linux-x86_64 1.6 8.53 79.63 88.16 OK
r-release-windows-ix86+x86_64 1.6 15.00 97.00 112.00 OK
r-release-osx-x86_64 1.6 OK
r-oldrel-windows-ix86+x86_64 1.6 10.00 83.00 93.00 OK
r-oldrel-osx-x86_64 1.6 OK

Check Details

Version: 1.6
Check: package dependencies
Result: NOTE
    Suggests orphaned package: ‘gplots’
Flavor: r-devel-linux-x86_64-fedora-clang