CRAN Package Check Results for Package MKmisc

Last updated on 2020-09-18 15:52:52 CEST.

Flavor Version Tinstall Tcheck Ttotal Status Flags
r-devel-linux-x86_64-debian-clang 1.6 9.94 88.31 98.25 OK
r-devel-linux-x86_64-debian-gcc 1.6 8.12 66.57 74.69 OK
r-devel-linux-x86_64-fedora-clang 1.6 129.24 NOTE
r-devel-linux-x86_64-fedora-gcc 1.6 128.73 OK
r-devel-windows-ix86+x86_64 1.6 21.00 124.00 145.00 OK
r-patched-linux-x86_64 1.6 10.30 86.53 96.83 OK
r-patched-solaris-x86 1.6 151.30 OK
r-release-linux-x86_64 1.6 9.12 86.66 95.78 OK
r-release-macos-x86_64 1.6 OK
r-release-windows-ix86+x86_64 1.6 22.00 111.00 133.00 OK
r-oldrel-macos-x86_64 1.6 OK
r-oldrel-windows-ix86+x86_64 1.6 22.00 81.00 103.00 OK

Check Details

Version: 1.6
Check: Rd cross-references
Result: NOTE
    Undeclared packages ‘rms’, ‘Hmisc’, ‘genefilter’ in Rd xrefs
Flavor: r-devel-linux-x86_64-fedora-clang