CRAN Package Check Results for Package MPTinR

Last updated on 2020-07-14 03:47:56 CEST.

Flavor Version Tinstall Tcheck Ttotal Status Flags
r-devel-linux-x86_64-debian-clang 1.12.0 60.35 180.86 241.21 OK
r-devel-linux-x86_64-debian-gcc 1.12.0 47.32 135.35 182.67 OK
r-devel-linux-x86_64-fedora-clang 1.12.0 306.02 NOTE
r-devel-linux-x86_64-fedora-gcc 1.12.0 296.42 OK
r-devel-windows-ix86+x86_64 1.12.0 102.00 281.00 383.00 OK
r-patched-linux-x86_64 1.12.0 48.11 172.22 220.33 OK
r-patched-solaris-x86 1.12.0 313.60 OK
r-release-linux-x86_64 1.12.0 48.84 173.18 222.02 OK
r-release-macos-x86_64 1.12.0 ERROR
r-release-windows-ix86+x86_64 1.12.0 133.00 277.00 410.00 OK
r-oldrel-macos-x86_64 1.12.0 NOTE
r-oldrel-windows-ix86+x86_64 1.12.0 120.00 279.00 399.00 OK

Check Details

Version: 1.12.0
Check: installed package size
Result: NOTE
     installed size is 10.6Mb
     sub-directories of 1Mb or more:
     libs 9.4Mb
Flavors: r-devel-linux-x86_64-fedora-clang, r-oldrel-macos-x86_64

Version: 1.12.0
Check: whether package can be installed
Result: ERROR
    Installation failed.
Flavor: r-release-macos-x86_64