CRAN Package Check Results for Package MRPC

Last updated on 2020-04-09 03:47:48 CEST.

Flavor Version Tinstall Tcheck Ttotal Status Flags
r-devel-linux-x86_64-debian-clang 2.2.0 31.46 264.71 296.17 OK
r-devel-linux-x86_64-debian-gcc 2.2.0 25.29 204.33 229.62 OK
r-devel-linux-x86_64-fedora-clang 2.2.0 359.92 OK
r-devel-linux-x86_64-fedora-gcc 2.2.0 385.72 OK
r-devel-windows-ix86+x86_64 2.2.0 9.00 8.00 17.00 ERROR
r-devel-windows-ix86+x86_64-gcc8 2.2.0 10.00 7.00 17.00 ERROR
r-patched-linux-x86_64 2.2.0 30.24 254.27 284.51 OK
r-patched-solaris-x86 2.2.0 515.00 OK
r-release-linux-x86_64 2.2.0 25.17 228.35 253.52 OK
r-release-windows-ix86+x86_64 2.2.0 58.00 323.00 381.00 OK
r-release-osx-x86_64 2.2.0 ERROR
r-oldrel-windows-ix86+x86_64 2.2.0 53.00 308.00 361.00 OK
r-oldrel-osx-x86_64 2.2.0 OK

Check Details

Version: 2.2.0
Check: whether package can be installed
Result: ERROR
    Installation failed.
Flavors: r-devel-windows-ix86+x86_64, r-devel-windows-ix86+x86_64-gcc8

Version: 2.2.0
Check: package dependencies
Result: ERROR
    Package required but not available: ‘WGCNA’
    
    See section ‘The DESCRIPTION file’ in the ‘Writing R Extensions’
    manual.
Flavor: r-release-osx-x86_64