CRAN Package Check Results for Package MarginalMediation

Last updated on 2019-09-18 03:47:42 CEST.

Flavor Version Tinstall Tcheck Ttotal Status Flags
r-devel-linux-x86_64-debian-clang 0.7.0 4.73 84.66 89.39 OK
r-devel-linux-x86_64-debian-gcc 0.7.0 3.74 63.46 67.20 OK
r-devel-linux-x86_64-fedora-clang 0.7.0 103.40 NOTE
r-devel-linux-x86_64-fedora-gcc 0.7.0 101.79 NOTE
r-devel-windows-ix86+x86_64 0.7.0 23.00 94.00 117.00 OK
r-patched-linux-x86_64 0.7.0 4.42 80.77 85.19 OK
r-patched-solaris-x86 0.7.0 168.70 NOTE
r-release-linux-x86_64 0.7.0 4.60 84.14 88.74 OK
r-release-windows-ix86+x86_64 0.7.0 11.00 96.00 107.00 OK
r-release-osx-x86_64 0.7.0 NOTE
r-oldrel-windows-ix86+x86_64 0.7.0 10.00 93.00 103.00 OK
r-oldrel-osx-x86_64 0.7.0 NOTE

Check Details

Version: 0.7.0
Check: dependencies in R code
Result: NOTE
    Namespace in Imports field not imported from: ‘betareg’
     All declared Imports should be used.
Flavors: r-devel-linux-x86_64-fedora-clang, r-devel-linux-x86_64-fedora-gcc, r-patched-solaris-x86, r-release-osx-x86_64, r-oldrel-osx-x86_64