CRAN Package Check Results for Package MarginalMediation

Last updated on 2020-02-23 02:47:29 CET.

Flavor Version Tinstall Tcheck Ttotal Status Flags
r-devel-linux-x86_64-debian-clang 0.7.0 5.88 95.86 101.74 OK
r-devel-linux-x86_64-debian-gcc 0.7.0 4.75 69.67 74.42 OK
r-devel-linux-x86_64-fedora-clang 0.7.0 117.49 NOTE
r-devel-linux-x86_64-fedora-gcc 0.7.0 113.03 NOTE
r-devel-windows-ix86+x86_64 0.7.0 13.00 99.00 112.00 OK
r-devel-windows-ix86+x86_64-gcc8 0.7.0 21.00 142.00 163.00 OK
r-patched-linux-x86_64 0.7.0 OK
r-patched-solaris-x86 0.7.0 157.40 NOTE
r-release-linux-x86_64 0.7.0 4.42 83.51 87.93 OK
r-release-windows-ix86+x86_64 0.7.0 10.00 97.00 107.00 OK
r-release-osx-x86_64 0.7.0 NOTE
r-oldrel-windows-ix86+x86_64 0.7.0 7.00 98.00 105.00 OK
r-oldrel-osx-x86_64 0.7.0 NOTE

Check Details

Version: 0.7.0
Check: dependencies in R code
Result: NOTE
    Namespace in Imports field not imported from: ‘betareg’
     All declared Imports should be used.
Flavors: r-devel-linux-x86_64-fedora-clang, r-devel-linux-x86_64-fedora-gcc, r-patched-solaris-x86, r-release-osx-x86_64, r-oldrel-osx-x86_64