CRAN Package Check Results for Package Matrix

Last updated on 2019-09-19 03:48:14 CEST.

Flavor Version Tinstall Tcheck Ttotal Status Flags
r-devel-linux-x86_64-debian-clang 1.2-17 177.19 315.98 493.17 OK
r-devel-linux-x86_64-debian-gcc 1.2-17 130.68 243.76 374.44 OK
r-devel-linux-x86_64-fedora-clang 1.2-17 628.26 OK
r-devel-linux-x86_64-fedora-gcc 1.2-17 595.81 OK
r-devel-windows-ix86+x86_64 1.2-17 389.00 461.00 850.00 OK
r-patched-linux-x86_64 1.2-17 141.44 311.48 452.92 OK
r-patched-solaris-x86 1.2-17 OK
r-release-linux-x86_64 1.2-17 143.44 313.69 457.13 OK
r-release-windows-ix86+x86_64 1.2-17 4.00 7.00 11.00 ERROR
r-release-osx-x86_64 1.2-17 NOTE
r-oldrel-windows-ix86+x86_64 1.2-17 282.00 508.00 790.00 OK
r-oldrel-osx-x86_64 1.2-17 OK

Additional issues

rchk

Check Details

Version: 1.2-17
Check: whether package can be installed
Result: ERROR
    Installation failed.
Flavor: r-release-windows-ix86+x86_64

Version: 1.2-17
Check: package dependencies
Result: NOTE
    Package which this enhances but not available for checking: ‘graph’
Flavor: r-release-osx-x86_64

Version: 1.2-17
Check: Rd cross-references
Result: NOTE
    Package unavailable to check Rd xrefs: ‘graph’
Flavor: r-release-osx-x86_64