CRAN Package Check Results for Package MfUSampler

Last updated on 2020-07-08 15:48:00 CEST.

Flavor Version Tinstall Tcheck Ttotal Status Flags
r-devel-linux-x86_64-debian-clang 1.0.4 2.60 53.45 56.05 OK
r-devel-linux-x86_64-debian-gcc 1.0.4 2.15 38.69 40.84 OK
r-devel-linux-x86_64-fedora-clang 1.0.4 75.08 OK
r-devel-linux-x86_64-fedora-gcc 1.0.4 63.17 OK
r-devel-windows-ix86+x86_64 1.0.4 8.00 56.00 64.00 WARN
r-patched-linux-x86_64 1.0.4 2.75 48.48 51.23 OK
r-patched-solaris-x86 1.0.4 108.50 OK
r-release-linux-x86_64 1.0.4 2.79 47.56 50.35 OK
r-release-osx-x86_64 1.0.4 OK
r-release-windows-ix86+x86_64 1.0.4 8.00 81.00 89.00 WARN
r-oldrel-osx-x86_64 1.0.4 OK
r-oldrel-windows-ix86+x86_64 1.0.4 5.00 80.00 85.00 OK

Check Details

Version: 1.0.4
Check: re-building of vignette outputs
Result: WARN
    Error(s) in re-building vignettes:
    --- re-building 'MfUSampler.Rnw' using Sweave
    MfUSampler 1.0.4
    Convenience Functions for Multivariate MCMC Using Univariate Samplers
    For citations, please use:
    Alireza S. Mahani, Mansour T. A. Sharabiani (2017). Multivariate-From-Univariate MCMC Sampler: The R Package MfUSampler. Journal of Statistical Software, Code Snippets, 78(1), 1-22. doi:10.18637/jss.v078.c01
    
    Error: processing vignette 'MfUSampler.Rnw' failed with diagnostics:
     chunk 31
    Error in compileCode(f, code, language = language, verbose = verbose) :
     Compilation ERROR, function(s)/method(s) not created! D:/Compiler/rtools40/mingw64/bin/../lib/gcc/x86_64-w64-mingw32/8.3.0/../../../../x86_64-w64-mingw32/bin/ld.exe: file186f88c15706.o:file186f88c15706.cpp:(.text+0x4df): undefined reference to `dgemv_'
    D:/Compiler/rtools40/mingw64/bin/../lib/gcc/x86_64-w64-mingw32/8.3.0/../../../../x86_64-w64-mingw32/bin/ld.exe: file186f88c15706.o:file186f88c15706.cpp:(.text+0x66f): undefined reference to `dgemv_'
    collect2.exe: error: ld returned 1 exit status
    
    --- failed re-building 'MfUSampler.Rnw'
    
    SUMMARY: processing the following file failed:
     'MfUSampler.Rnw'
    
    Error: Vignette re-building failed.
    Execution halted
Flavor: r-devel-windows-ix86+x86_64

Version: 1.0.4
Check: re-building of vignette outputs
Result: WARN
    Error(s) in re-building vignettes:
    --- re-building 'MfUSampler.Rnw' using Sweave
    MfUSampler 1.0.4
    Convenience Functions for Multivariate MCMC Using Univariate Samplers
    For citations, please use:
    Alireza S. Mahani, Mansour T. A. Sharabiani (2017). Multivariate-From-Univariate MCMC Sampler: The R Package MfUSampler. Journal of Statistical Software, Code Snippets, 78(1), 1-22. doi:10.18637/jss.v078.c01
    
    Error: processing vignette 'MfUSampler.Rnw' failed with diagnostics:
     chunk 31
    Error in compileCode(f, code, language = language, verbose = verbose) :
     Compilation ERROR, function(s)/method(s) not created! D:/Compiler/rtools40/mingw64/bin/../lib/gcc/x86_64-w64-mingw32/8.3.0/../../../../x86_64-w64-mingw32/bin/ld.exe: file83003c171c5c.o:file83003c171c5c.cpp:(.text+0x4df): undefined reference to `dgemv_'
    D:/Compiler/rtools40/mingw64/bin/../lib/gcc/x86_64-w64-mingw32/8.3.0/../../../../x86_64-w64-mingw32/bin/ld.exe: file83003c171c5c.o:file83003c171c5c.cpp:(.text+0x66f): undefined reference to `dgemv_'
    collect2.exe: error: ld returned 1 exit status
    
    --- failed re-building 'MfUSampler.Rnw'
    
    SUMMARY: processing the following file failed:
     'MfUSampler.Rnw'
    
    Error: Vignette re-building failed.
    Execution halted
Flavor: r-release-windows-ix86+x86_64