CRAN Package Check Results for Package MixfMRI

Last updated on 2019-11-12 14:47:38 CET.

Flavor Version Tinstall Tcheck Ttotal Status Flags
r-devel-linux-x86_64-debian-clang 0.1-0 13.86 92.35 106.21 OK
r-devel-linux-x86_64-debian-gcc 0.1-0 9.55 70.44 79.99 OK
r-devel-linux-x86_64-fedora-clang 0.1-0 128.32 OK
r-devel-linux-x86_64-fedora-gcc 0.1-0 126.14 OK
r-devel-windows-ix86+x86_64 0.1-0 24.00 144.00 168.00 OK
r-patched-linux-x86_64 0.1-0 11.35 88.25 99.60 OK
r-patched-solaris-x86 0.1-0 179.30 OK
r-release-linux-x86_64 0.1-0 12.80 88.06 100.86 OK
r-release-windows-ix86+x86_64 0.1-0 32.00 151.00 183.00 OK
r-release-osx-x86_64 0.1-0 NOTE
r-oldrel-windows-ix86+x86_64 0.1-0 18.00 174.00 192.00 OK
r-oldrel-osx-x86_64 0.1-0 NOTE

Check Details

Version: 0.1-0
Check: package dependencies
Result: NOTE
    Package which this enhances but not available for checking: ‘pbdMPI’
Flavors: r-release-osx-x86_64, r-oldrel-osx-x86_64