CRAN Package Check Results for Package MixfMRI

Last updated on 2020-05-25 15:49:05 CEST.

Flavor Version Tinstall Tcheck Ttotal Status Flags
r-devel-linux-x86_64-debian-clang 0.1-0 12.09 98.53 110.62 OK
r-devel-linux-x86_64-debian-gcc 0.1-0 9.10 74.44 83.54 OK
r-devel-linux-x86_64-fedora-clang 0.1-0 145.30 OK
r-devel-linux-x86_64-fedora-gcc 0.1-0 132.74 OK
r-devel-windows-ix86+x86_64 0.1-0 33.00 192.00 225.00 OK
r-patched-linux-x86_64 0.1-0 12.92 98.22 111.14 OK
r-patched-solaris-x86 0.1-0 190.70 OK
r-release-linux-x86_64 0.1-0 12.25 98.50 110.75 OK
r-release-osx-x86_64 0.1-0 NOTE
r-release-windows-ix86+x86_64 0.1-0 28.00 185.00 213.00 OK
r-oldrel-osx-x86_64 0.1-0 NOTE
r-oldrel-windows-ix86+x86_64 0.1-0 23.00 178.00 201.00 OK

Check Details

Version: 0.1-0
Check: package dependencies
Result: NOTE
    Package which this enhances but not available for checking: ‘pbdMPI’
Flavors: r-release-osx-x86_64, r-oldrel-osx-x86_64