CRAN Package Check Results for Package NLP

Last updated on 2020-04-10 03:49:31 CEST.

Flavor Version Tinstall Tcheck Ttotal Status Flags
r-devel-linux-x86_64-debian-clang 0.2-0 4.87 30.74 35.61 NOTE
r-devel-linux-x86_64-debian-gcc 0.2-0 4.02 24.50 28.52 NOTE
r-devel-linux-x86_64-fedora-clang 0.2-0 42.81 NOTE
r-devel-linux-x86_64-fedora-gcc 0.2-0 43.42 NOTE
r-devel-windows-ix86+x86_64 0.2-0 10.00 58.00 68.00 NOTE
r-devel-windows-ix86+x86_64-gcc8 0.2-0 9.00 40.00 49.00 NOTE
r-patched-linux-x86_64 0.2-0 4.83 30.24 35.07 NOTE
r-patched-osx-x86_64 0.2-0 NOTE
r-patched-solaris-x86 0.2-0 61.20 NOTE
r-release-linux-x86_64 0.2-0 4.55 28.46 33.01 NOTE
r-release-windows-ix86+x86_64 0.2-0 9.00 53.00 62.00 OK
r-release-osx-x86_64 0.2-0 OK
r-oldrel-windows-ix86+x86_64 0.2-0 5.00 42.00 47.00 OK
r-oldrel-osx-x86_64 0.2-0 OK

Check Details

Version: 0.2-0
Check: dependencies in R code
Result: NOTE
    Missing or unexported object: 'cleanNLP::cnlp_get_token'
Flavors: r-devel-linux-x86_64-debian-clang, r-devel-linux-x86_64-debian-gcc, r-devel-linux-x86_64-fedora-clang, r-devel-linux-x86_64-fedora-gcc, r-devel-windows-ix86+x86_64, r-devel-windows-ix86+x86_64-gcc8, r-patched-linux-x86_64, r-patched-osx-x86_64, r-patched-solaris-x86, r-release-linux-x86_64