CRAN Package Check Results for Package NPMOD

Last updated on 2019-12-07 02:52:48 CET.

Flavor Version Tinstall Tcheck Ttotal Status Flags
r-devel-linux-x86_64-debian-clang 0.1.0 6.82 45.40 52.22 OK
r-devel-linux-x86_64-debian-gcc 0.1.0 5.87 36.43 42.30 OK
r-devel-linux-x86_64-fedora-clang 0.1.0 64.48 OK
r-devel-linux-x86_64-fedora-gcc 0.1.0 64.24 OK
r-devel-windows-ix86+x86_64 0.1.0 18.00 55.00 73.00 OK
r-devel-windows-ix86+x86_64-gcc8 0.1.0 17.00 59.00 76.00 OK
r-patched-linux-x86_64 0.1.0 6.28 42.27 48.55 OK
r-patched-solaris-x86 0.1.0 97.90 OK
r-release-linux-x86_64 0.1.0 5.90 42.77 48.67 OK
r-release-windows-ix86+x86_64 0.1.0 13.00 54.00 67.00 OK
r-release-osx-x86_64 0.1.0 WARN
r-oldrel-windows-ix86+x86_64 0.1.0 8.00 61.00 69.00 OK
r-oldrel-osx-x86_64 0.1.0 OK

Check Details

Version: 0.1.0
Check: dependencies in R code
Result: NOTE
    No protocol specified
    No protocol specified
Flavor: r-release-osx-x86_64

Version: 0.1.0
Check: S3 generic/method consistency
Result: WARN
    No protocol specified
    No protocol specified
    See section ‘Generic functions and methods’ in the ‘Writing R
    Extensions’ manual.
Flavor: r-release-osx-x86_64

Version: 0.1.0
Check: replacement functions
Result: WARN
    No protocol specified
    No protocol specified
    The argument of a replacement function which corresponds to the right
    hand side must be named ‘value’.
Flavor: r-release-osx-x86_64

Version: 0.1.0
Check: foreign function calls
Result: NOTE
    No protocol specified
    No protocol specified
    See chapter ‘System and foreign language interfaces’ in the ‘Writing R
    Extensions’ manual.
Flavor: r-release-osx-x86_64

Version: 0.1.0
Check: R code for possible problems
Result: NOTE
    No protocol specified
    No protocol specified
Flavor: r-release-osx-x86_64

Version: 0.1.0
Check: for missing documentation entries
Result: WARN
    No protocol specified
    No protocol specified
    All user-level objects in a package should have documentation entries.
    See chapter ‘Writing R documentation files’ in the ‘Writing R
    Extensions’ manual.
Flavor: r-release-osx-x86_64

Version: 0.1.0
Check: for code/documentation mismatches
Result: WARN
    No protocol specified
    No protocol specified
    No protocol specified
    No protocol specified
    No protocol specified
    No protocol specified
Flavor: r-release-osx-x86_64

Version: 0.1.0
Check: Rd \usage sections
Result: NOTE
    No protocol specified
    No protocol specified
    The \usage entries for S3 methods should use the \method markup and not
    their full name.
    See chapter ‘Writing R documentation files’ in the ‘Writing R
    Extensions’ manual.
Flavor: r-release-osx-x86_64