CRAN Package Check Results for Package NPflow

Last updated on 2020-10-01 03:48:45 CEST.

Flavor Version Tinstall Tcheck Ttotal Status Flags
r-devel-linux-x86_64-debian-clang 0.13.3 281.66 119.54 401.20 OK
r-devel-linux-x86_64-debian-gcc 0.13.3 0.46 2.68 3.14 ERROR
r-devel-linux-x86_64-fedora-clang 0.13.3 550.99 NOTE
r-devel-linux-x86_64-fedora-gcc 0.13.3 530.38 OK
r-devel-windows-ix86+x86_64 0.13.3 651.00 235.00 886.00 OK
r-patched-linux-x86_64 0.13.3 255.73 107.98 363.71 OK
r-patched-solaris-x86 0.13.3 424.10 OK
r-release-linux-x86_64 0.13.3 256.45 108.74 365.19 OK
r-release-macos-x86_64 0.13.3 NOTE
r-release-windows-ix86+x86_64 0.13.3 657.00 220.00 877.00 OK
r-oldrel-macos-x86_64 0.13.3 NOTE
r-oldrel-windows-ix86+x86_64 0.13.3 587.00 217.00 804.00 OK

Check Details

Version: 0.13.3
Check: whether package can be installed
Result: ERROR
    Installation failed.
Flavor: r-devel-linux-x86_64-debian-gcc

Version: 0.13.3
Check: installed package size
Result: NOTE
     installed size is 10.1Mb
     sub-directories of 1Mb or more:
     libs 9.4Mb
Flavors: r-devel-linux-x86_64-fedora-clang, r-release-macos-x86_64, r-oldrel-macos-x86_64