CRAN Package Check Results for Package NipponMap

Last updated on 2020-08-15 03:48:12 CEST.

Flavor Version Tinstall Tcheck Ttotal Status Flags
r-devel-linux-x86_64-debian-clang 0.2 4.46 45.29 49.75 OK
r-devel-linux-x86_64-debian-gcc 0.2 4.14 34.47 38.61 OK
r-devel-linux-x86_64-fedora-clang 0.2 70.89 NOTE
r-devel-linux-x86_64-fedora-gcc 0.2 59.77 OK
r-devel-windows-ix86+x86_64 0.2 19.00 74.00 93.00 OK
r-patched-linux-x86_64 0.2 5.00 44.97 49.97 OK
r-patched-solaris-x86 0.2 92.20 OK
r-release-linux-x86_64 0.2 5.33 43.08 48.41 OK
r-release-macos-x86_64 0.2 OK
r-release-windows-ix86+x86_64 0.2 18.00 54.00 72.00 OK
r-oldrel-macos-x86_64 0.2 OK
r-oldrel-windows-ix86+x86_64 0.2 9.00 49.00 58.00 OK

Check Details

Version: 0.2
Check: Rd cross-references
Result: NOTE
    Undeclared packages ‘cshapes’, ‘mapdata’ in Rd xrefs
Flavor: r-devel-linux-x86_64-fedora-clang