CRAN Package Check Results for Package ODEnetwork

Last updated on 2020-04-04 03:51:26 CEST.

Flavor Version Tinstall Tcheck Ttotal Status Flags
r-devel-linux-x86_64-debian-clang 1.3.1 3.64 29.85 33.49 ERROR
r-devel-linux-x86_64-debian-gcc 1.3.1 2.59 23.89 26.48 ERROR
r-devel-linux-x86_64-fedora-clang 1.3.2 44.25 OK
r-devel-linux-x86_64-fedora-gcc 1.3.2 42.64 OK
r-devel-windows-ix86+x86_64 1.3.1 7.00 41.00 48.00 ERROR
r-devel-windows-ix86+x86_64-gcc8 1.3.1 8.00 41.00 49.00 ERROR
r-patched-linux-x86_64 1.3.1 3.28 29.18 32.46 ERROR
r-patched-solaris-x86 1.3.2 62.80 OK
r-release-linux-x86_64 1.3.1 2.96 28.31 31.27 OK
r-release-windows-ix86+x86_64 1.3.1 6.00 43.00 49.00 OK
r-release-osx-x86_64 1.3.1 OK
r-oldrel-windows-ix86+x86_64 1.3.1 7.00 41.00 48.00 OK
r-oldrel-osx-x86_64 1.3.1 OK

Check Details

Version: 1.3.1
Check: examples
Result: ERROR
    Running examples in 'ODEnetwork-Ex.R' failed
    The error most likely occurred in:
    
    > base::assign(".ptime", proc.time(), pos = "CheckExEnv")
    > ### Name: setEvents
    > ### Title: Setting Events
    > ### Aliases: setEvents
    >
    > ### ** Examples
    >
    > masses <- 1
    > dampers <- as.matrix(1.5)
    > springs <- as.matrix(4)
    > odenet <- ODEnetwork(masses, dampers, springs)
    > eventdat <- data.frame( var = c("x.1", "x.1")
    + , time = c(1, 3)
    + , value = c(1, 3)
    + )
    > odenet <- setState(odenet, 0, 0)
    > odenet <- setEvents(odenet, eventdat)
    Error: Assertion failed. One of the following must apply:
     * checkDataFrame(events): May only contain the following types:
     * {factor,numeric,numeric}, but element 1 has type 'character'
     * checkDataFrame(events): Must have exactly 4 cols, but has 3 cols
    Execution halted
Flavors: r-devel-linux-x86_64-debian-clang, r-devel-linux-x86_64-debian-gcc, r-patched-linux-x86_64

Version: 1.3.1
Check: re-building of vignette outputs
Result: WARN
    Error(s) in re-building vignettes:
     ...
    --- re-building 'ODEnetwork.Rmd' using rmarkdown
    Quitting from lines 168-175 (ODEnetwork.Rmd)
    Error: processing vignette 'ODEnetwork.Rmd' failed with diagnostics:
    Assertion failed. One of the following must apply:
     * checkDataFrame(events): May only contain the following types:
     * {factor,numeric,numeric}, but element 1 has type 'character'
     * checkDataFrame(events): Must have exactly 4 cols, but has 3 cols
    --- failed re-building 'ODEnetwork.Rmd'
    
    SUMMARY: processing the following file failed:
     'ODEnetwork.Rmd'
    
    Error: Vignette re-building failed.
    Execution halted
Flavors: r-devel-linux-x86_64-debian-clang, r-devel-linux-x86_64-debian-gcc, r-patched-linux-x86_64

Version: 1.3.1
Check: examples
Result: ERROR
    Running examples in 'ODEnetwork-Ex.R' failed
    The error most likely occurred in:
    
    > ### Name: setEvents
    > ### Title: Setting Events
    > ### Aliases: setEvents
    >
    > ### ** Examples
    >
    > masses <- 1
    > dampers <- as.matrix(1.5)
    > springs <- as.matrix(4)
    > odenet <- ODEnetwork(masses, dampers, springs)
    > eventdat <- data.frame( var = c("x.1", "x.1")
    + , time = c(1, 3)
    + , value = c(1, 3)
    + )
    > odenet <- setState(odenet, 0, 0)
    > odenet <- setEvents(odenet, eventdat)
    Error: Assertion failed. One of the following must apply:
     * checkDataFrame(events): May only contain the following types:
     * {factor,numeric,numeric}, but element 1 has type 'character'
     * checkDataFrame(events): Must have exactly 4 cols, but has 3 cols
    Execution halted
Flavors: r-devel-windows-ix86+x86_64, r-devel-windows-ix86+x86_64-gcc8

Version: 1.3.1
Check: re-building of vignette outputs
Result: WARN
    Error(s) in re-building vignettes:
    --- re-building 'ODEnetwork.Rmd' using rmarkdown
    Quitting from lines 168-175 (ODEnetwork.Rmd)
    Error: processing vignette 'ODEnetwork.Rmd' failed with diagnostics:
    Assertion failed. One of the following must apply:
     * checkDataFrame(events): May only contain the following types:
     * {factor,numeric,numeric}, but element 1 has type 'character'
     * checkDataFrame(events): Must have exactly 4 cols, but has 3 cols
    --- failed re-building 'ODEnetwork.Rmd'
    
    SUMMARY: processing the following file failed:
     'ODEnetwork.Rmd'
    
    Error: Vignette re-building failed.
    Execution halted
Flavors: r-devel-windows-ix86+x86_64, r-devel-windows-ix86+x86_64-gcc8