CRAN Package Check Results for Package OGI

Last updated on 2020-09-18 03:49:45 CEST.

Flavor Version Tinstall Tcheck Ttotal Status Flags
r-devel-linux-x86_64-debian-clang 1.0.0 2.19 21.69 23.88 OK
r-devel-linux-x86_64-debian-gcc 1.0.0 1.60 17.13 18.73 OK
r-devel-linux-x86_64-fedora-clang 1.0.0 40.35 NOTE
r-devel-linux-x86_64-fedora-gcc 1.0.0 28.45 NOTE
r-devel-windows-ix86+x86_64 1.0.0 5.00 39.00 44.00 OK
r-patched-linux-x86_64 1.0.0 2.03 21.47 23.50 OK
r-patched-solaris-x86 1.0.0 42.50 NOTE
r-release-linux-x86_64 1.0.0 2.14 21.26 23.40 OK
r-release-macos-x86_64 1.0.0 NOTE
r-release-windows-ix86+x86_64 1.0.0 5.00 41.00 46.00 OK
r-oldrel-macos-x86_64 1.0.0 NOTE
r-oldrel-windows-ix86+x86_64 1.0.0 3.00 37.00 40.00 OK

Check Details

Version: 1.0.0
Check: dependencies in R code
Result: NOTE
    Namespace in Imports field not imported from: ‘methods’
     All declared Imports should be used.
Flavors: r-devel-linux-x86_64-fedora-clang, r-devel-linux-x86_64-fedora-gcc, r-patched-solaris-x86, r-release-macos-x86_64, r-oldrel-macos-x86_64