CRAN Package Check Results for Package OpenImageR

Last updated on 2020-02-25 02:48:37 CET.

Flavor Version Tinstall Tcheck Ttotal Status Flags
r-devel-linux-x86_64-debian-clang 1.1.6 59.98 92.39 152.37 OK
r-devel-linux-x86_64-debian-gcc 1.1.6 45.05 67.91 112.96 OK
r-devel-linux-x86_64-fedora-clang 1.1.6 191.29 NOTE
r-devel-linux-x86_64-fedora-gcc 1.1.6 186.33 OK
r-devel-windows-ix86+x86_64 1.1.6 99.00 150.00 249.00 NOTE
r-devel-windows-ix86+x86_64-gcc8 1.1.6 140.00 212.00 352.00 NOTE
r-patched-linux-x86_64 1.1.6 45.25 81.92 127.17 OK
r-patched-solaris-x86 1.1.6 268.40 OK
r-release-linux-x86_64 1.1.6 49.91 82.40 132.31 OK
r-release-windows-ix86+x86_64 1.1.6 90.00 144.00 234.00 NOTE
r-release-osx-x86_64 1.1.6 NOTE
r-oldrel-windows-ix86+x86_64 1.1.6 100.00 148.00 248.00 NOTE
r-oldrel-osx-x86_64 1.1.6 NOTE

Check Details

Version: 1.1.6
Check: installed package size
Result: NOTE
     installed size is 8.5Mb
     sub-directories of 1Mb or more:
     doc 2.2Mb
     libs 5.7Mb
Flavors: r-devel-linux-x86_64-fedora-clang, r-devel-windows-ix86+x86_64, r-devel-windows-ix86+x86_64-gcc8, r-release-windows-ix86+x86_64, r-release-osx-x86_64, r-oldrel-windows-ix86+x86_64, r-oldrel-osx-x86_64