CRAN Package Check Results for Package PATHChange

Last updated on 2020-06-02 03:47:56 CEST.

Flavor Version Tinstall Tcheck Ttotal Status Flags
r-devel-linux-x86_64-debian-clang 1.0 3.57 28.55 32.12 WARN
r-devel-linux-x86_64-debian-gcc 1.0 2.73 22.28 25.01 WARN
r-devel-linux-x86_64-fedora-clang 1.0 46.35 WARN
r-devel-linux-x86_64-fedora-gcc 1.0 36.54 WARN
r-devel-windows-ix86+x86_64 1.0 10.00 122.00 132.00 WARN
r-patched-linux-x86_64 1.0 3.45 27.47 30.92 OK
r-patched-solaris-x86 1.0 59.60 NOTE
r-release-linux-x86_64 1.0 3.61 27.55 31.16 OK
r-release-osx-x86_64 1.0 NOTE
r-release-windows-ix86+x86_64 1.0 8.00 62.00 70.00 NOTE
r-oldrel-osx-x86_64 1.0 NOTE
r-oldrel-windows-ix86+x86_64 1.0 8.00 45.00 53.00 NOTE

Check Details

Version: 1.0
Check: whether the namespace can be loaded with stated dependencies
Result: WARN
    Warning: S4 exports specified in 'NAMESPACE' but not defined in package 'PATHChange'
Flavors: r-devel-linux-x86_64-debian-clang, r-devel-linux-x86_64-debian-gcc, r-devel-linux-x86_64-fedora-clang, r-devel-linux-x86_64-fedora-gcc

Version: 1.0
Check: installed package size
Result: NOTE
     installed size is 5.8Mb
     sub-directories of 1Mb or more:
     extdata 5.7Mb
Flavors: r-devel-linux-x86_64-fedora-clang, r-devel-windows-ix86+x86_64, r-patched-solaris-x86, r-release-osx-x86_64, r-release-windows-ix86+x86_64, r-oldrel-osx-x86_64, r-oldrel-windows-ix86+x86_64

Version: 1.0
Check: whether package can be installed
Result: WARN
    Found the following significant warnings:
     Warning: S4 exports specified in 'NAMESPACE' but not defined in package 'PATHChange'
Flavor: r-devel-windows-ix86+x86_64

Version: 1.0
Check: whether the namespace can be loaded with stated dependencies
Result: NOTE
    Warning: S4 exports specified in 'NAMESPACE' but not defined in package 'PATHChange'
    
    A namespace must be able to be loaded with just the base namespace
    loaded: otherwise if the namespace gets loaded by a saved object, the
    session will be unable to start.
    
    Probably some imports need to be declared in the NAMESPACE file.
Flavor: r-devel-windows-ix86+x86_64