CRAN Package Check Results for Package ParamHelpers

Last updated on 2020-04-09 15:53:54 CEST.

Flavor Version Tinstall Tcheck Ttotal Status Flags
r-devel-linux-x86_64-debian-clang 1.14 7.32 64.89 72.21 OK
r-devel-linux-x86_64-debian-gcc 1.14 6.45 48.93 55.38 OK
r-devel-linux-x86_64-fedora-clang 1.14 86.95 OK
r-devel-linux-x86_64-fedora-gcc 1.14 84.72 OK
r-devel-windows-ix86+x86_64 1.14 15.00 103.00 118.00 OK
r-devel-windows-ix86+x86_64-gcc8 1.14 15.00 101.00 116.00 OK
r-patched-linux-x86_64 1.14 6.95 63.53 70.48 OK
r-patched-osx-x86_64 1.14 ERROR
r-patched-solaris-x86 1.14 109.10 OK
r-release-linux-x86_64 1.14 5.99 57.81 63.80 OK
r-release-windows-ix86+x86_64 1.14 15.00 132.00 147.00 OK
r-release-osx-x86_64 1.14 OK
r-oldrel-windows-ix86+x86_64 1.14 21.00 142.00 163.00 OK
r-oldrel-osx-x86_64 1.14 OK

Check Details

Version: 1.14
Check: package dependencies
Result: NOTE
    Package suggested but not available for checking: ‘irace’
Flavor: r-patched-osx-x86_64

Version: 1.14
Check: Rd cross-references
Result: NOTE
    Package unavailable to check Rd xrefs: ‘irace’
Flavor: r-patched-osx-x86_64

Version: 1.14
Check: tests
Result: ERROR
     Running ‘run-all.R’ [9s/11s]
    Running the tests in ‘tests/run-all.R’ failed.
    Last 13 lines of output:
    
     ── 2. Error: convertParamSetToIrace work with vecparam (@test_convertParamSetToI
     For convertParamSetToIrace please install the following packages: irace
     Backtrace:
     1. ParamHelpers::convertParamSetToIrace(ps)
     2. BBmisc::requirePackages(...)
     3. BBmisc::stopf(...)
    
     ══ testthat results ═══════════════════════════════════════════════════════════
     [ OK: 1047 | SKIPPED: 1 | WARNINGS: 0 | FAILED: 2 ]
     1. Error: convertParamSetToIrace uses correct boundaries (@test_convertParamSetToIrace.R#71)
     2. Error: convertParamSetToIrace work with vecparam (@test_convertParamSetToIrace.R#85)
    
     Error: testthat unit tests failed
     Execution halted
Flavor: r-patched-osx-x86_64