CRAN Package Check Results for Package PerformanceAnalytics

Last updated on 2020-07-03 15:48:08 CEST.

Flavor Version Tinstall Tcheck Ttotal Status Flags
r-devel-linux-x86_64-debian-clang 2.0.4 23.53 337.38 360.91 OK
r-devel-linux-x86_64-debian-gcc 2.0.4 20.23 250.76 270.99 OK
r-devel-linux-x86_64-fedora-clang 2.0.4 455.71 NOTE
r-devel-linux-x86_64-fedora-gcc 2.0.4 426.38 OK
r-devel-windows-ix86+x86_64 2.0.4 55.00 290.00 345.00 OK --no-vignettes
r-patched-linux-x86_64 2.0.4 23.92 331.17 355.09 OK
r-patched-solaris-x86 2.0.4 634.10 OK
r-release-linux-x86_64 2.0.4 21.49 328.48 349.97 OK
r-release-osx-x86_64 2.0.4 OK
r-release-windows-ix86+x86_64 2.0.4 41.00 298.00 339.00 OK --no-vignettes
r-oldrel-osx-x86_64 2.0.4 OK
r-oldrel-windows-ix86+x86_64 2.0.4 44.00 383.00 427.00 OK --no-vignettes

Additional issues

noLD

Check Details

Version: 2.0.4
Check: Rd cross-references
Result: NOTE
    Undeclared packages ‘timeSeries’, ‘tseries’, ‘car’, ‘gplots’ in Rd xrefs
Flavor: r-devel-linux-x86_64-fedora-clang