CRAN Package Check Results for Package PivotalR

Last updated on 2020-10-31 02:51:24 CET.

Flavor Version Tinstall Tcheck Ttotal Status Flags
r-devel-linux-x86_64-debian-clang 0.1.18.3.1 32.74 148.41 181.15 OK
r-devel-linux-x86_64-debian-gcc 0.1.18.3.1 28.22 111.77 139.99 OK
r-devel-linux-x86_64-fedora-clang 0.1.18.3.1 228.14 NOTE
r-devel-linux-x86_64-fedora-gcc 0.1.18.3.1 265.30 NOTE
r-devel-windows-ix86+x86_64 0.1.18.3.1 55.00 305.00 360.00 OK
r-patched-linux-x86_64 0.1.18.3.1 31.95 137.98 169.93 OK
r-patched-solaris-x86 0.1.18.3.1 272.20 OK
r-release-linux-x86_64 0.1.18.3.1 33.19 136.82 170.01 OK
r-release-macos-x86_64 0.1.18.3.1 OK
r-release-windows-ix86+x86_64 0.1.18.3.1 43.00 213.00 256.00 OK
r-oldrel-macos-x86_64 0.1.18.3.1 OK
r-oldrel-windows-ix86+x86_64 0.1.18.3.1 49.00 233.00 282.00 OK

Check Details

Version: 0.1.18.3.1
Check: compiled code
Result: NOTE
    File ‘PivotalR/libs/PivotalR.so’:
     Found no calls to: ‘R_registerRoutines’, ‘R_useDynamicSymbols’
    
    It is good practice to register native routines and to disable symbol
    search.
    
    See ‘Writing portable packages’ in the ‘Writing R Extensions’ manual.
Flavors: r-devel-linux-x86_64-fedora-clang, r-devel-linux-x86_64-fedora-gcc