CRAN Package Check Results for Package PlasmaMutationDetector

Last updated on 2020-05-27 03:48:40 CEST.

Flavor Version Tinstall Tcheck Ttotal Status Flags
r-devel-linux-x86_64-debian-clang 1.7.2 46.42 390.80 437.22 OK
r-devel-linux-x86_64-debian-gcc 1.7.2 42.43 297.00 339.43 OK
r-devel-linux-x86_64-fedora-clang 1.7.2 554.90 OK
r-devel-linux-x86_64-fedora-gcc 1.7.2 531.46 OK
r-devel-windows-ix86+x86_64 1.7.2 122.00 466.00 588.00 OK
r-patched-linux-x86_64 1.7.2 36.54 377.27 413.81 OK
r-patched-solaris-x86 1.7.2 797.30 OK
r-release-linux-x86_64 1.7.2 39.25 378.16 417.41 OK
r-release-osx-x86_64 1.7.2 OK
r-release-windows-ix86+x86_64 1.7.2 106.00 478.00 584.00 OK
r-oldrel-osx-x86_64 1.7.2 ERROR
r-oldrel-windows-ix86+x86_64 1.7.2 91.00 357.00 448.00 OK

Check Details

Version: 1.7.2
Check: whether package can be installed
Result: ERROR
    Installation failed.
Flavor: r-oldrel-osx-x86_64