CRAN Package Check Results for Package PlasmaMutationDetector

Last updated on 2019-10-21 03:47:48 CEST.

Flavor Version Tinstall Tcheck Ttotal Status Flags
r-devel-linux-x86_64-debian-clang 1.7.2 43.13 336.75 379.88 OK
r-devel-linux-x86_64-debian-gcc 1.7.2 38.73 262.38 301.11 OK
r-devel-linux-x86_64-fedora-clang 1.7.2 471.85 OK
r-devel-linux-x86_64-fedora-gcc 1.7.2 473.72 OK
r-devel-windows-ix86+x86_64 1.7.2 80.00 291.00 371.00 OK
r-patched-linux-x86_64 1.7.2 39.77 320.61 360.38 OK
r-patched-solaris-x86 1.7.2 700.40 OK
r-release-linux-x86_64 1.7.2 40.21 327.95 368.16 OK
r-release-windows-ix86+x86_64 1.7.2 108.00 314.00 422.00 OK
r-release-osx-x86_64 1.7.2 ERROR
r-oldrel-windows-ix86+x86_64 1.7.2 44.00 282.00 326.00 OK
r-oldrel-osx-x86_64 1.7.2 ERROR

Check Details

Version: 1.7.2
Check: whether package can be installed
Result: ERROR
    Installation failed.
Flavor: r-release-osx-x86_64

Version: 1.7.2
Check: package dependencies
Result: ERROR
    Packages required but not available:
     ‘VariantAnnotation’ ‘Rsamtools’ ‘rtracklayer’
    
    See section ‘The DESCRIPTION file’ in the ‘Writing R Extensions’
    manual.
Flavor: r-oldrel-osx-x86_64