CRAN Package Check Results for Package PointFore

Last updated on 2020-09-20 03:47:33 CEST.

Flavor Version Tinstall Tcheck Ttotal Status Flags
r-devel-linux-x86_64-debian-clang 0.2.0 4.59 151.40 155.99 OK
r-devel-linux-x86_64-debian-gcc 0.2.0 3.47 104.13 107.60 OK
r-devel-linux-x86_64-fedora-clang 0.2.0 183.28 NOTE
r-devel-linux-x86_64-fedora-gcc 0.2.0 179.70 NOTE
r-devel-windows-ix86+x86_64 0.2.0 14.00 187.00 201.00 OK
r-patched-linux-x86_64 0.2.0 4.59 144.77 149.36 OK
r-patched-solaris-x86 0.2.0 235.00 NOTE
r-release-linux-x86_64 0.2.0 4.62 142.13 146.75 OK
r-release-macos-x86_64 0.2.0 NOTE
r-release-windows-ix86+x86_64 0.2.0 12.00 191.00 203.00 OK
r-oldrel-macos-x86_64 0.2.0 NOTE
r-oldrel-windows-ix86+x86_64 0.2.0 8.00 154.00 162.00 OK

Check Details

Version: 0.2.0
Check: dependencies in R code
Result: NOTE
    Namespaces in Imports field not imported from:
     ‘car’ ‘lubridate’
     All declared Imports should be used.
Flavors: r-devel-linux-x86_64-fedora-clang, r-devel-linux-x86_64-fedora-gcc, r-patched-solaris-x86, r-release-macos-x86_64, r-oldrel-macos-x86_64