CRAN Package Check Results for Package PointFore

Last updated on 2020-01-26 14:47:00 CET.

Flavor Version Tinstall Tcheck Ttotal Status Flags
r-devel-linux-x86_64-debian-clang 0.2.0 3.25 152.99 156.24 OK
r-devel-linux-x86_64-debian-gcc 0.2.0 3.24 107.13 110.37 OK
r-devel-linux-x86_64-fedora-clang 0.2.0 178.11 NOTE
r-devel-linux-x86_64-fedora-gcc 0.2.0 175.27 NOTE
r-devel-windows-ix86+x86_64 0.2.0 22.00 222.00 244.00 OK
r-devel-windows-ix86+x86_64-gcc8 0.2.0 19.00 215.00 234.00 OK
r-patched-linux-x86_64 0.2.0 3.08 134.36 137.44 OK
r-patched-solaris-x86 0.2.0 217.40 NOTE
r-release-linux-x86_64 0.2.0 2.79 134.68 137.47 OK
r-release-windows-ix86+x86_64 0.2.0 12.00 140.00 152.00 OK
r-release-osx-x86_64 0.2.0 NOTE
r-oldrel-windows-ix86+x86_64 0.2.0 7.00 130.00 137.00 OK
r-oldrel-osx-x86_64 0.2.0 NOTE

Check Details

Version: 0.2.0
Check: dependencies in R code
Result: NOTE
    Namespaces in Imports field not imported from:
     ‘car’ ‘lubridate’
     All declared Imports should be used.
Flavors: r-devel-linux-x86_64-fedora-clang, r-devel-linux-x86_64-fedora-gcc, r-patched-solaris-x86, r-release-osx-x86_64, r-oldrel-osx-x86_64