CRAN Package Check Results for Package PortfolioAnalytics

Last updated on 2020-02-25 02:48:40 CET.

Flavor Version Tinstall Tcheck Ttotal Status Flags
r-devel-linux-x86_64-debian-clang 1.1.0 18.93 646.34 665.27 OK
r-devel-linux-x86_64-debian-gcc 1.1.0 15.96 432.39 448.35 OK
r-devel-linux-x86_64-fedora-clang 1.1.0 939.26 OK
r-devel-linux-x86_64-fedora-gcc 1.1.0 777.64 OK
r-devel-windows-ix86+x86_64 1.1.0 33.00 887.00 920.00 OK --no-vignettes
r-devel-windows-ix86+x86_64-gcc8 1.1.0 42.00 730.00 772.00 OK --no-vignettes
r-patched-linux-x86_64 1.1.0 14.82 536.43 551.25 OK
r-patched-solaris-x86 1.1.0 833.80 NOTE
r-release-linux-x86_64 1.1.0 15.67 502.92 518.59 OK
r-release-windows-ix86+x86_64 1.1.0 28.00 605.00 633.00 OK --no-vignettes
r-release-osx-x86_64 1.1.0 FAIL
r-oldrel-windows-ix86+x86_64 1.1.0 29.00 647.00 676.00 OK --no-vignettes
r-oldrel-osx-x86_64 1.1.0 WARN

Check Details

Version: 1.1.0
Check: package dependencies
Result: NOTE
    Package suggested but not available for checking: ‘ROI.plugin.symphony’
Flavors: r-patched-solaris-x86, r-release-osx-x86_64

Version: 1.1.0
Check: re-building of vignette outputs
Result: FAIL
Flavor: r-release-osx-x86_64

Version: 1.1.0
Check: package dependencies
Result: NOTE
    Packages suggested but not available for checking:
     ‘Rglpk’ ‘ROI.plugin.glpk’ ‘ROI.plugin.symphony’
Flavor: r-oldrel-osx-x86_64

Version: 1.1.0
Check: running R code from vignettes
Result: WARN
    Errors in running code in vignettes:
    when running code in ‘ROI_vignette.Rnw’
     ...
    
    > suppressMessages(library(ROI))
    
    > suppressMessages(library(ROI.plugin.quadprog))
    
    > suppressMessages(library(ROI.plugin.glpk))
    
     When sourcing ‘ROI_vignette.R’:
    Error: there is no package called ‘ROI.plugin.glpk’
    Execution halted
    when running code in ‘portfolio_vignette.Rnw’
     ...
    
    > maxret <- add.objective(portfolio = init, type = "return",
    + name = "mean")
    
    > opt_maxret <- optimize.portfolio(R = R, portfolio = maxret,
    + optimize_method = "ROI", trace = TRUE)
    
     When sourcing ‘portfolio_vignette.R’:
    Error: paste0("package:", plugin) %in% search() || requireNamespace(plugin, .... is not TRUE
    Execution halted
Flavor: r-oldrel-osx-x86_64

Version: 1.1.0
Check: re-building of vignette outputs
Result: NOTE
    Error in re-building vignettes:
     ...
    
    Error: processing vignette 'ROI_vignette.Rnw' failed with diagnostics:
     chunk 1
    Error in library(ROI.plugin.glpk) :
     there is no package called ‘ROI.plugin.glpk’
    Execution halted
Flavor: r-oldrel-osx-x86_64