CRAN Package Check Results for Package ProjectTemplate

Last updated on 2020-01-24 02:48:02 CET.

Flavor Version Tinstall Tcheck Ttotal Status Flags
r-devel-linux-x86_64-debian-clang 0.9.0 3.86 40.59 44.45 OK
r-devel-linux-x86_64-debian-gcc 0.9.0 3.34 32.23 35.57 OK
r-devel-linux-x86_64-fedora-clang 0.9.0 53.38 OK
r-devel-linux-x86_64-fedora-gcc 0.9.0 51.81 OK
r-devel-windows-ix86+x86_64 0.9.0 18.00 113.00 131.00 NOTE
r-devel-windows-ix86+x86_64-gcc8 0.9.0 14.00 106.00 120.00 OK
r-patched-linux-x86_64 0.9.0 3.25 37.24 40.49 OK
r-patched-solaris-x86 0.9.0 65.50 OK
r-release-linux-x86_64 0.9.0 3.28 37.63 40.91 OK
r-release-windows-ix86+x86_64 0.9.0 15.00 74.00 89.00 OK
r-release-osx-x86_64 0.9.0 OK
r-oldrel-windows-ix86+x86_64 0.9.0 8.00 68.00 76.00 OK
r-oldrel-osx-x86_64 0.9.0 OK

Check Details

Version: 0.9.0
Check: R code for possible problems
Result: NOTE
    Fatal error: couldn't allocate memory for pointer stack
Flavor: r-devel-windows-ix86+x86_64