CRAN Package Check Results for Package QBAsyDist

Last updated on 2020-07-07 03:47:58 CEST.

Flavor Version Tinstall Tcheck Ttotal Status Flags
r-devel-linux-x86_64-debian-clang 0.1.2 13.31 84.71 98.02 OK
r-devel-linux-x86_64-debian-gcc 0.1.2 11.17 65.68 76.85 OK
r-devel-linux-x86_64-fedora-clang 0.1.2 126.45 NOTE
r-devel-linux-x86_64-fedora-gcc 0.1.2 114.16 OK
r-devel-windows-ix86+x86_64 0.1.2 23.00 111.00 134.00 OK
r-patched-linux-x86_64 0.1.2 13.79 84.04 97.83 OK
r-patched-solaris-x86 0.1.2 165.60 OK
r-release-linux-x86_64 0.1.2 12.66 84.63 97.29 OK
r-release-osx-x86_64 0.1.2 OK
r-release-windows-ix86+x86_64 0.1.2 23.00 93.00 116.00 OK
r-oldrel-osx-x86_64 0.1.2 OK
r-oldrel-windows-ix86+x86_64 0.1.2 32.00 124.00 156.00 OK

Check Details

Version: 0.1.2
Check: Rd cross-references
Result: NOTE
    Undeclared package ‘HURDAT’ in Rd xrefs
Flavor: r-devel-linux-x86_64-fedora-clang