CRAN Package Check Results for Package R2HTML

Last updated on 2020-01-19 02:49:05 CET.

Flavor Version Tinstall Tcheck Ttotal Status Flags
r-devel-linux-x86_64-debian-clang 2.3.2 7.95 41.13 49.08 NOTE
r-devel-linux-x86_64-debian-gcc 2.3.2 5.87 32.08 37.95 NOTE
r-devel-linux-x86_64-fedora-clang 2.3.2 58.59 NOTE
r-devel-linux-x86_64-fedora-gcc 2.3.2 56.89 NOTE
r-devel-windows-ix86+x86_64 2.3.2 19.00 52.00 71.00 OK
r-devel-windows-ix86+x86_64-gcc8 2.3.2 14.00 67.00 81.00 OK
r-patched-linux-x86_64 2.3.2 5.91 37.36 43.27 OK
r-patched-solaris-x86 2.3.2 68.50 OK
r-release-linux-x86_64 2.3.2 6.27 37.52 43.79 OK
r-release-windows-ix86+x86_64 2.3.2 15.00 51.00 66.00 OK
r-release-osx-x86_64 2.3.2 OK
r-oldrel-windows-ix86+x86_64 2.3.2 19.00 58.00 77.00 OK
r-oldrel-osx-x86_64 2.3.2 OK

Check Details

Version: 2.3.2
Check: for non-standard things in the check directory
Result: NOTE
    Found the following files/directories:
     'output.html'
Flavors: r-devel-linux-x86_64-debian-clang, r-devel-linux-x86_64-debian-gcc, r-devel-linux-x86_64-fedora-clang, r-devel-linux-x86_64-fedora-gcc