CRAN Package Check Results for Package R2HTML

Last updated on 2020-08-14 03:47:55 CEST.

Flavor Version Tinstall Tcheck Ttotal Status Flags
r-devel-linux-x86_64-debian-clang 2.3.2 8.04 42.15 50.19 NOTE
r-devel-linux-x86_64-debian-gcc 2.3.2 5.56 31.93 37.49 NOTE
r-devel-linux-x86_64-fedora-clang 2.3.2 66.21 NOTE
r-devel-linux-x86_64-fedora-gcc 2.3.2 56.85 NOTE
r-devel-windows-ix86+x86_64 2.3.2 16.00 67.00 83.00 OK
r-patched-linux-x86_64 2.3.2 6.29 41.76 48.05 NOTE
r-patched-solaris-x86 2.3.2 77.20 NOTE
r-release-linux-x86_64 2.3.2 7.06 41.77 48.83 NOTE
r-release-macos-x86_64 2.3.2 OK
r-release-windows-ix86+x86_64 2.3.2 11.00 69.00 80.00 OK
r-oldrel-macos-x86_64 2.3.2 OK
r-oldrel-windows-ix86+x86_64 2.3.2 11.00 49.00 60.00 OK

Check Details

Version: 2.3.2
Check: for non-standard things in the check directory
Result: NOTE
    Found the following files/directories:
     'output.html'
Flavors: r-devel-linux-x86_64-debian-clang, r-devel-linux-x86_64-debian-gcc, r-devel-linux-x86_64-fedora-clang, r-devel-linux-x86_64-fedora-gcc, r-patched-linux-x86_64, r-patched-solaris-x86, r-release-linux-x86_64