CRAN Package Check Results for Package R2WinBUGS

Last updated on 2019-12-05 14:48:57 CET.

Flavor Version Tinstall Tcheck Ttotal Status Flags
r-devel-linux-x86_64-debian-clang 2.1-21 4.82 41.65 46.47 NOTE
r-devel-linux-x86_64-debian-gcc 2.1-21 3.60 32.47 36.07 NOTE
r-devel-linux-x86_64-fedora-clang 2.1-21 55.41 OK
r-devel-linux-x86_64-fedora-gcc 2.1-21 57.75 OK
r-devel-windows-ix86+x86_64 2.1-21 9.00 56.00 65.00 OK
r-devel-windows-ix86+x86_64-gcc8 2.1-21 7.00 58.00 65.00 OK
r-patched-linux-x86_64 2.1-21 4.53 39.01 43.54 NOTE
r-patched-solaris-x86 2.1-21 74.30 NOTE
r-release-linux-x86_64 2.1-21 3.43 39.12 42.55 NOTE
r-release-windows-ix86+x86_64 2.1-21 10.00 54.00 64.00 OK
r-release-osx-x86_64 2.1-21 NOTE
r-oldrel-windows-ix86+x86_64 2.1-21 6.00 75.00 81.00 OK
r-oldrel-osx-x86_64 2.1-21 NOTE

Check Details

Version: 2.1-21
Check: R code for possible problems
Result: NOTE
    Found the following calls to attach():
    File 'R2WinBUGS/R/attach.all.R':
     attach(x, name = name)
    See section 'Good practice' in '?attach'.
Flavors: r-devel-linux-x86_64-debian-clang, r-devel-linux-x86_64-debian-gcc, r-patched-linux-x86_64, r-release-linux-x86_64

Version: 2.1-21
Check: package dependencies
Result: NOTE
    Package suggested but not available for checking: ‘BRugs’
Flavors: r-patched-solaris-x86, r-release-osx-x86_64, r-oldrel-osx-x86_64

Version: 2.1-21
Check: Rd cross-references
Result: NOTE
    Package unavailable to check Rd xrefs: ‘BRugs’
Flavors: r-patched-solaris-x86, r-release-osx-x86_64, r-oldrel-osx-x86_64