CRAN Package Check Results for Package REBayes

Last updated on 2020-04-04 03:51:31 CEST.

Flavor Version Tinstall Tcheck Ttotal Status Flags
r-devel-linux-x86_64-debian-clang 2.2 9.45 66.98 76.43 OK --no-examples --no-tests --no-vignettes
r-devel-linux-x86_64-debian-gcc 2.2 7.80 52.99 60.79 OK --no-examples --no-tests --no-vignettes
r-devel-windows-ix86+x86_64 1.8 24.00 146.00 170.00 OK
r-devel-windows-ix86+x86_64-gcc8 2.2 17.00 109.00 126.00 OK
r-patched-linux-x86_64 2.2 9.61 66.94 76.55 OK --no-examples --no-tests --no-vignettes
r-release-linux-x86_64 2.2 8.96 61.47 70.43 OK --no-examples --no-tests --no-vignettes
r-release-osx-x86_64 2.2 OK
r-oldrel-windows-ix86+x86_64 1.2 1.00 5.00 6.00 ERROR
r-oldrel-osx-x86_64 2.2 OK

Check Details

Version: 1.2
Check: package dependencies
Result: ERROR
    Package required but not available: 'Rmosek'
    
    See section 'The DESCRIPTION file' in the 'Writing R Extensions'
    manual.
Flavor: r-oldrel-windows-ix86+x86_64