CRAN Package Check Results for Package REREFACT

Last updated on 2020-04-07 03:48:22 CEST.

Flavor Version Tinstall Tcheck Ttotal Status Flags
r-devel-linux-x86_64-debian-clang 1.0 7.78 73.82 81.60 NOTE
r-devel-linux-x86_64-debian-gcc 1.0 7.57 57.17 64.74 NOTE
r-devel-linux-x86_64-fedora-clang 1.0 98.26 NOTE
r-devel-linux-x86_64-fedora-gcc 1.0 101.45 NOTE
r-devel-windows-ix86+x86_64 1.0 24.00 85.00 109.00 OK
r-devel-windows-ix86+x86_64-gcc8 1.0 15.00 82.00 97.00 OK
r-patched-linux-x86_64 1.0 8.78 72.16 80.94 NOTE
r-patched-solaris-x86 1.0 143.10 NOTE
r-release-linux-x86_64 1.0 7.34 66.73 74.07 OK
r-release-windows-ix86+x86_64 1.0 15.00 108.00 123.00 OK
r-release-osx-x86_64 1.0 OK
r-oldrel-windows-ix86+x86_64 1.0 14.00 72.00 86.00 OK
r-oldrel-osx-x86_64 1.0 OK

Check Details

Version: 1.0
Check: for non-standard things in the check directory
Result: NOTE
    Found the following files/directories:
     'P.csv' 'correct_alpha.csv' 'correct_beta.csv' 'correct_gamma.csv'
     'correct_lambda.csv' 'correct_perm_list.csv' 'correct_psi.csv'
Flavors: r-devel-linux-x86_64-debian-clang, r-devel-linux-x86_64-debian-gcc, r-devel-linux-x86_64-fedora-clang, r-devel-linux-x86_64-fedora-gcc, r-patched-linux-x86_64, r-patched-solaris-x86