CRAN Package Check Results for Package RSEIS

Last updated on 2019-09-21 03:48:34 CEST.

Flavor Version Tinstall Tcheck Ttotal Status Flags
r-devel-linux-x86_64-debian-clang 3.9-0 28.35 130.52 158.87 OK
r-devel-linux-x86_64-debian-gcc 3.9-0 21.24 100.94 122.18 OK
r-devel-linux-x86_64-fedora-clang 3.9-0 192.92 OK
r-devel-linux-x86_64-fedora-gcc 3.9-0 190.88 OK
r-devel-windows-ix86+x86_64 3.9-0 76.00 210.00 286.00 OK
r-patched-linux-x86_64 3.9-0 25.22 130.50 155.72 OK
r-patched-solaris-x86 3.9-0 222.80 WARN
r-release-linux-x86_64 3.9-0 22.73 133.08 155.81 OK
r-release-windows-ix86+x86_64 3.8-3 43.00 252.00 295.00 OK
r-release-osx-x86_64 3.9-0 WARN
r-oldrel-windows-ix86+x86_64 3.8-3 40.00 174.00 214.00 OK
r-oldrel-osx-x86_64 3.9-0 WARN

Check Details

Version: 3.9-0
Check: for executable files
Result: WARN
    Found the following executable file:
     data/GH.RData
    Source packages should not contain undeclared executable files.
    See section ‘Package structure’ in the ‘Writing R Extensions’ manual.
Flavors: r-patched-solaris-x86, r-release-osx-x86_64, r-oldrel-osx-x86_64