CRAN Package Check Results for Package RSEIS

Last updated on 2020-02-16 14:48:00 CET.

Flavor Version Tinstall Tcheck Ttotal Status Flags
r-devel-linux-x86_64-debian-clang 3.9-0 30.81 146.02 176.83 OK
r-devel-linux-x86_64-debian-gcc 3.9-0 22.27 109.01 131.28 OK
r-devel-linux-x86_64-fedora-clang 3.9-0 207.61 OK
r-devel-windows-ix86+x86_64 3.9-0 43.00 239.00 282.00 OK
r-devel-windows-ix86+x86_64-gcc8 3.9-0 64.00 270.00 334.00 OK
r-patched-linux-x86_64 3.9-0 25.85 132.10 157.95 OK
r-patched-solaris-x86 3.9-0 235.50 WARN
r-release-linux-x86_64 3.9-0 24.06 131.31 155.37 OK
r-release-windows-ix86+x86_64 3.9-0 91.00 265.00 356.00 OK
r-release-osx-x86_64 3.9-0 WARN
r-oldrel-windows-ix86+x86_64 3.9-0 60.00 170.00 230.00 OK
r-oldrel-osx-x86_64 3.9-0 WARN

Check Details

Version: 3.9-0
Check: for executable files
Result: WARN
    Found the following executable file:
     data/GH.RData
    Source packages should not contain undeclared executable files.
    See section ‘Package structure’ in the ‘Writing R Extensions’ manual.
Flavors: r-patched-solaris-x86, r-release-osx-x86_64, r-oldrel-osx-x86_64