CRAN Package Check Results for Package RSPS

Last updated on 2019-10-16 15:48:25 CEST.

Flavor Version Tinstall Tcheck Ttotal Status Flags
r-devel-linux-x86_64-debian-clang 1.0 2.97 31.63 34.60 NOTE
r-devel-linux-x86_64-debian-gcc 1.0 2.32 24.76 27.08 NOTE
r-devel-linux-x86_64-fedora-clang 1.0 43.39 NOTE
r-devel-linux-x86_64-fedora-gcc 1.0 40.81 NOTE
r-devel-windows-ix86+x86_64 1.0 11.00 45.00 56.00 NOTE
r-patched-linux-x86_64 1.0 2.19 30.45 32.64 NOTE
r-patched-solaris-x86 1.0 61.10 NOTE
r-release-linux-x86_64 1.0 2.44 30.72 33.16 NOTE
r-release-windows-ix86+x86_64 1.0 6.00 55.00 61.00 NOTE
r-release-osx-x86_64 1.0 NOTE
r-oldrel-windows-ix86+x86_64 1.0 4.00 44.00 48.00 NOTE
r-oldrel-osx-x86_64 1.0 NOTE

Check Details

Version: 1.0
Check: R code for possible problems
Result: NOTE
    negbin.pow : negbin.disp: no visible global function definition for
     'rpois'
    negbin.pow : negbin.disp: no visible global function definition for
     'rnbinom'
    negbin.pow : inner.fcn: no visible global function definition for
     'na.omit'
    negbin.pow : inner.fcn: no visible global function definition for
     'quantile'
    negbin.pow: no visible global function definition for 'txtProgressBar'
    negbin.pow: no visible global function definition for
     'setTxtProgressBar'
    poiss.pow : inner.fcn: no visible global function definition for
     'rpois'
    poiss.pow : inner.fcn: no visible global function definition for
     'quantile'
    poiss.pow: no visible global function definition for 'txtProgressBar'
    poiss.pow: no visible global function definition for
     'setTxtProgressBar'
    Undefined global functions or variables:
     na.omit quantile rnbinom rpois setTxtProgressBar txtProgressBar
    Consider adding
     importFrom("stats", "na.omit", "quantile", "rnbinom", "rpois")
     importFrom("utils", "setTxtProgressBar", "txtProgressBar")
    to your NAMESPACE file.
Flavors: r-devel-linux-x86_64-debian-clang, r-devel-linux-x86_64-debian-gcc, r-devel-linux-x86_64-fedora-clang, r-devel-linux-x86_64-fedora-gcc, r-devel-windows-ix86+x86_64, r-patched-linux-x86_64, r-patched-solaris-x86, r-release-linux-x86_64, r-release-windows-ix86+x86_64, r-release-osx-x86_64, r-oldrel-windows-ix86+x86_64, r-oldrel-osx-x86_64