CRAN Package Check Results for Package RSPS

Last updated on 2020-05-27 03:48:43 CEST.

Flavor Version Tinstall Tcheck Ttotal Status Flags
r-devel-linux-x86_64-debian-clang 1.0 2.46 34.13 36.59 NOTE
r-devel-linux-x86_64-debian-gcc 1.0 2.23 26.28 28.51 NOTE
r-devel-linux-x86_64-fedora-clang 1.0 46.16 NOTE
r-devel-linux-x86_64-fedora-gcc 1.0 43.54 NOTE
r-devel-windows-ix86+x86_64 1.0 9.00 71.00 80.00 NOTE
r-patched-linux-x86_64 1.0 3.21 34.12 37.33 NOTE
r-patched-solaris-x86 1.0 64.60 NOTE
r-release-linux-x86_64 1.0 3.30 33.79 37.09 NOTE
r-release-osx-x86_64 1.0 NOTE
r-release-windows-ix86+x86_64 1.0 8.00 66.00 74.00 NOTE
r-oldrel-osx-x86_64 1.0 NOTE
r-oldrel-windows-ix86+x86_64 1.0 9.00 45.00 54.00 NOTE

Check Details

Version: 1.0
Check: R code for possible problems
Result: NOTE
    negbin.pow : negbin.disp: no visible global function definition for
     'rpois'
    negbin.pow : negbin.disp: no visible global function definition for
     'rnbinom'
    negbin.pow : inner.fcn: no visible global function definition for
     'na.omit'
    negbin.pow : inner.fcn: no visible global function definition for
     'quantile'
    negbin.pow: no visible global function definition for 'txtProgressBar'
    negbin.pow: no visible global function definition for
     'setTxtProgressBar'
    poiss.pow : inner.fcn: no visible global function definition for
     'rpois'
    poiss.pow : inner.fcn: no visible global function definition for
     'quantile'
    poiss.pow: no visible global function definition for 'txtProgressBar'
    poiss.pow: no visible global function definition for
     'setTxtProgressBar'
    Undefined global functions or variables:
     na.omit quantile rnbinom rpois setTxtProgressBar txtProgressBar
    Consider adding
     importFrom("stats", "na.omit", "quantile", "rnbinom", "rpois")
     importFrom("utils", "setTxtProgressBar", "txtProgressBar")
    to your NAMESPACE file.
Flavors: r-devel-linux-x86_64-debian-clang, r-devel-linux-x86_64-debian-gcc, r-devel-linux-x86_64-fedora-clang, r-devel-linux-x86_64-fedora-gcc, r-devel-windows-ix86+x86_64, r-patched-linux-x86_64, r-patched-solaris-x86, r-release-linux-x86_64, r-release-osx-x86_64, r-release-windows-ix86+x86_64, r-oldrel-osx-x86_64, r-oldrel-windows-ix86+x86_64